Last updated on 2025-04-30 04:50:08 CEST.
Flavor | Version | Tinstall | Tcheck | Ttotal | Status | Flags |
---|---|---|---|---|---|---|
r-devel-linux-x86_64-debian-clang | 1.0.3.2 | 14.66 | 121.87 | 136.53 | NOTE | |
r-devel-linux-x86_64-debian-gcc | 1.0.3.2 | 9.48 | 84.21 | 93.69 | NOTE | |
r-devel-linux-x86_64-fedora-clang | 1.0.3.2 | 207.16 | OK | |||
r-devel-linux-x86_64-fedora-gcc | 1.0.3.2 | 207.76 | OK | |||
r-devel-windows-x86_64 | 1.0.3.2 | 12.00 | 119.00 | 131.00 | OK | |
r-patched-linux-x86_64 | 1.0.3.2 | 14.82 | 113.18 | 128.00 | OK | |
r-release-linux-x86_64 | 1.0.3.2 | 13.82 | 112.95 | 126.77 | OK | |
r-release-macos-arm64 | 1.0.3.2 | 66.00 | OK | |||
r-release-macos-x86_64 | 1.0.3.2 | 108.00 | OK | |||
r-release-windows-x86_64 | 1.0.3.2 | 14.00 | 122.00 | 136.00 | OK | |
r-oldrel-macos-arm64 | 1.0.3.2 | 59.00 | OK | |||
r-oldrel-macos-x86_64 | 1.0.3.2 | 151.00 | OK | |||
r-oldrel-windows-x86_64 | 1.0.3.2 | 15.00 | 152.00 | 167.00 | OK |
Version: 1.0.3.2
Check: examples
Result: NOTE
Examples with CPU (user + system) or elapsed time > 5s
user system elapsed
Multi_motif 16.789 0.504 20.175
Flavor: r-devel-linux-x86_64-debian-clang
Version: 1.0.3.2
Check: examples
Result: NOTE
Examples with CPU (user + system) or elapsed time > 5s
user system elapsed
Multi_motif 10.299 0.351 12.786
Flavor: r-devel-linux-x86_64-debian-gcc