CRAN Package Check Results for Package IMD

Last updated on 2025-04-30 04:50:08 CEST.

Flavor Version Tinstall Tcheck Ttotal Status Flags
r-devel-linux-x86_64-debian-clang 1.2.2 5.78 35.89 41.67 OK
r-devel-linux-x86_64-debian-gcc 1.2.2 4.00 26.76 30.76 OK
r-devel-linux-x86_64-fedora-clang 1.2.2 61.60 OK
r-devel-linux-x86_64-fedora-gcc 1.2.2 58.87 OK
r-devel-windows-x86_64 1.2.2 8.00 61.00 69.00 OK
r-patched-linux-x86_64 1.2.2 6.59 33.48 40.07 OK
r-release-linux-x86_64 1.2.2 5.87 33.22 39.09 OK
r-release-macos-arm64 1.2.2 26.00 OK
r-release-macos-x86_64 1.2.2 41.00 OK
r-release-windows-x86_64 1.2.2 8.00 58.00 66.00 OK
r-oldrel-macos-arm64 1.2.2 27.00 NOTE
r-oldrel-macos-x86_64 1.2.2 36.00 NOTE
r-oldrel-windows-x86_64 1.2.2 12.00 65.00 77.00 OK

Check Details

Version: 1.2.2
Check: installed package size
Result: NOTE installed size is 5.8Mb sub-directories of 1Mb or more: data 5.5Mb Flavors: r-oldrel-macos-arm64, r-oldrel-macos-x86_64