Last updated on 2025-04-30 04:50:08 CEST.
Flavor | Version | Tinstall | Tcheck | Ttotal | Status | Flags |
---|---|---|---|---|---|---|
r-devel-linux-x86_64-debian-clang | 2.2.0 | 20.90 | 124.09 | 144.99 | NOTE | |
r-devel-linux-x86_64-debian-gcc | 2.2.0 | 15.11 | 80.83 | 95.94 | NOTE | |
r-devel-linux-x86_64-fedora-clang | 2.2.0 | 226.58 | OK | |||
r-devel-linux-x86_64-fedora-gcc | 2.2.0 | 221.71 | OK | |||
r-devel-windows-x86_64 | 2.2.0 | 23.00 | 121.00 | 144.00 | OK | |
r-patched-linux-x86_64 | 2.2.0 | 24.85 | 113.23 | 138.08 | OK | |
r-release-linux-x86_64 | 2.2.0 | 17.94 | 114.11 | 132.05 | OK | |
r-release-macos-arm64 | 2.2.0 | 75.00 | OK | |||
r-release-macos-x86_64 | 2.2.0 | 135.00 | OK | |||
r-release-windows-x86_64 | 2.2.0 | 21.00 | 123.00 | 144.00 | OK | |
r-oldrel-macos-arm64 | 2.2.0 | 57.00 | OK | |||
r-oldrel-macos-x86_64 | 2.2.0 | 95.00 | OK | |||
r-oldrel-windows-x86_64 | 2.2.0 | 29.00 | 157.00 | 186.00 | OK |
Version: 2.2.0
Check: CRAN incoming feasibility
Result: NOTE
Maintainer: ‘Keefe Murphy <keefe.murphy@mu.ie>’
The BugReports field in DESCRIPTION has
https://github.com/Keefe-Murphy/IMIFA
which should likely be
https://github.com/Keefe-Murphy/IMIFA/issues
instead.
Flavors: r-devel-linux-x86_64-debian-clang, r-devel-linux-x86_64-debian-gcc
Version: 2.2.0
Check: examples
Result: NOTE
Examples with CPU (user + system) or elapsed time > 5s
user system elapsed
G_moments 4.31 0.058 5.435
Flavor: r-devel-linux-x86_64-debian-clang