Last updated on 2025-04-30 04:50:09 CEST.
Flavor | Version | Tinstall | Tcheck | Ttotal | Status | Flags |
---|---|---|---|---|---|---|
r-devel-linux-x86_64-debian-clang | 1.1.8 | 12.76 | 150.04 | 162.80 | NOTE | |
r-devel-linux-x86_64-debian-gcc | 1.1.8 | 8.94 | 102.99 | 111.93 | NOTE | |
r-devel-linux-x86_64-fedora-clang | 1.1.8 | 254.23 | NOTE | |||
r-devel-linux-x86_64-fedora-gcc | 1.1.8 | 248.58 | NOTE | |||
r-devel-windows-x86_64 | 1.1.8 | 13.00 | 146.00 | 159.00 | OK | |
r-patched-linux-x86_64 | 1.1.8 | 11.04 | 142.88 | 153.92 | OK | |
r-release-linux-x86_64 | 1.1.8 | 12.32 | 143.06 | 155.38 | OK | |
r-release-macos-arm64 | 1.1.8 | 70.00 | OK | |||
r-release-macos-x86_64 | 1.1.8 | 131.00 | OK | |||
r-release-windows-x86_64 | 1.1.8 | 14.00 | 145.00 | 159.00 | OK | |
r-oldrel-macos-arm64 | 1.1.8 | 65.00 | OK | |||
r-oldrel-macos-x86_64 | 1.1.8 | 107.00 | OK | |||
r-oldrel-windows-x86_64 | 1.1.8 | 17.00 | 190.00 | 207.00 | OK |
Version: 1.1.8
Check: CRAN incoming feasibility
Result: NOTE
Maintainer: ‘Kridsadakorn Chaichoompu <kridsadakorn@biostatgen.org>’
Problems when reading CITATION file:
It is recommended to use ‘given’ instead of ‘middle’.
Package CITATION file contains call(s) to old-style personList() or
as.personList(). Please use c() on person objects instead.
Package CITATION file contains call(s) to old-style citEntry(). Please
use bibentry() instead.
Flavors: r-devel-linux-x86_64-debian-clang, r-devel-linux-x86_64-debian-gcc
Version: 1.1.8
Check: examples
Result: NOTE
Examples with CPU (user + system) or elapsed time > 5s
user system elapsed
top.discriminator 4.514 0.051 5.548
get.node.info 4.314 0.075 5.519
export.groups 4.286 0.080 6.248
ipcaps 4.057 0.066 5.449
save.plots.label.html 3.927 0.025 5.399
save.plots.cluster.html 3.899 0.035 5.443
Flavor: r-devel-linux-x86_64-debian-clang
Version: 1.1.8
Check: dependencies in R code
Result: NOTE
Namespaces in Imports field not imported from:
‘Matrix’ ‘expm’
All declared Imports should be used.
Flavors: r-devel-linux-x86_64-fedora-clang, r-devel-linux-x86_64-fedora-gcc