Last updated on 2025-04-30 04:50:09 CEST.
Flavor | Version | Tinstall | Tcheck | Ttotal | Status | Flags |
---|---|---|---|---|---|---|
r-devel-linux-x86_64-debian-clang | 2.0.5 | 5.23 | 55.52 | 60.75 | NOTE | |
r-devel-linux-x86_64-debian-gcc | 2.0.5 | 3.51 | 35.48 | 38.99 | OK | |
r-devel-linux-x86_64-fedora-clang | 2.0.5 | 94.90 | OK | |||
r-devel-linux-x86_64-fedora-gcc | 2.0.5 | 91.38 | OK | |||
r-devel-windows-x86_64 | 2.0.5 | 6.00 | 69.00 | 75.00 | OK | |
r-patched-linux-x86_64 | 2.0.5 | 4.39 | 53.48 | 57.87 | OK | |
r-release-linux-x86_64 | 2.0.5 | 5.18 | 53.00 | 58.18 | OK | |
r-release-macos-arm64 | 2.0.5 | 32.00 | OK | |||
r-release-macos-x86_64 | 2.0.5 | 55.00 | OK | |||
r-release-windows-x86_64 | 2.0.5 | 6.00 | 68.00 | 74.00 | OK | |
r-oldrel-macos-arm64 | 2.0.5 | 27.00 | OK | |||
r-oldrel-macos-x86_64 | 2.0.5 | 65.00 | OK | |||
r-oldrel-windows-x86_64 | 2.0.5 | 7.00 | 87.00 | 94.00 | OK |
Version: 2.0.5
Check: examples
Result: NOTE
Examples with CPU (user + system) or elapsed time > 5s
user system elapsed
simu.GDO 5.023 0.055 6.119
simu.GEBVGD 4.514 0.075 6.457
GA.Dscore 4.317 0.007 5.269
Flavor: r-devel-linux-x86_64-debian-clang