Last updated on 2025-04-30 04:50:09 CEST.
Flavor | Version | Tinstall | Tcheck | Ttotal | Status | Flags |
---|---|---|---|---|---|---|
r-devel-linux-x86_64-debian-clang | 1.2 | 7.99 | 72.02 | 80.01 | NOTE | |
r-devel-linux-x86_64-debian-gcc | 1.2 | 7.26 | 53.29 | 60.55 | NOTE | |
r-devel-linux-x86_64-fedora-clang | 1.2 | 124.04 | OK | |||
r-devel-linux-x86_64-fedora-gcc | 1.2 | 118.12 | OK | |||
r-devel-windows-x86_64 | 1.2 | 11.00 | 78.00 | 89.00 | OK | |
r-patched-linux-x86_64 | 1.2 | 8.41 | 68.11 | 76.52 | OK | |
r-release-linux-x86_64 | 1.2 | 9.02 | 68.35 | 77.37 | OK | |
r-release-macos-arm64 | 1.2 | 44.00 | OK | |||
r-release-macos-x86_64 | 1.2 | 83.00 | OK | |||
r-release-windows-x86_64 | 1.2 | 11.00 | 83.00 | 94.00 | OK | |
r-oldrel-macos-arm64 | 1.2 | 33.00 | NOTE | |||
r-oldrel-macos-x86_64 | 1.2 | 50.00 | NOTE | |||
r-oldrel-windows-x86_64 | 1.2 | 14.00 | 96.00 | 110.00 | NOTE |
Version: 1.2
Check: CRAN incoming feasibility
Result: NOTE
Maintainer: ‘W. Kyle Hamilton <kyle.hamilton@gmail.com>’
No Authors@R field in DESCRIPTION.
Please add one, modifying
Authors@R: c(person(given = c("W.", "Kyle"),
family = "Hamilton",
role = c("aut", "cre"),
email = "kyle.hamilton@gmail.com"),
person(given = "Atsushi",
family = "Mizumoto",
role = "aut",
email = "atsushi@mizumot.com"))
as necessary.
Flavors: r-devel-linux-x86_64-debian-clang, r-devel-linux-x86_64-debian-gcc
Version: 1.2
Check: LazyData
Result: NOTE
'LazyData' is specified without a 'data' directory
Flavors: r-oldrel-macos-arm64, r-oldrel-macos-x86_64, r-oldrel-windows-x86_64