Last updated on 2025-04-30 04:50:09 CEST.
Flavor | Version | Tinstall | Tcheck | Ttotal | Status | Flags |
---|---|---|---|---|---|---|
r-devel-linux-x86_64-debian-clang | 0.1.0 | 3.04 | 138.79 | 141.83 | NOTE | |
r-devel-linux-x86_64-debian-gcc | 0.1.0 | 2.18 | 81.72 | 83.90 | OK | |
r-devel-linux-x86_64-fedora-clang | 0.1.0 | 229.55 | OK | |||
r-devel-linux-x86_64-fedora-gcc | 0.1.0 | 226.98 | OK | |||
r-devel-windows-x86_64 | 0.1.0 | 4.00 | 131.00 | 135.00 | OK | |
r-patched-linux-x86_64 | 0.1.0 | 2.98 | 133.03 | 136.01 | OK | |
r-release-linux-x86_64 | 0.1.0 | 1.96 | 132.04 | 134.00 | OK | |
r-release-macos-arm64 | 0.1.0 | 60.00 | OK | |||
r-release-macos-x86_64 | 0.1.0 | 126.00 | OK | |||
r-release-windows-x86_64 | 0.1.0 | 5.00 | 132.00 | 137.00 | OK | |
r-oldrel-macos-arm64 | 0.1.0 | 56.00 | OK | |||
r-oldrel-macos-x86_64 | 0.1.0 | 98.00 | OK | |||
r-oldrel-windows-x86_64 | 0.1.0 | 6.00 | 183.00 | 189.00 | OK |
Version: 0.1.0
Check: examples
Result: NOTE
Examples with CPU (user + system) or elapsed time > 5s
user system elapsed
ISCA_clustertable 6.054 0.112 7.027
ISCA_modeling 5.185 0.020 5.660
ISCA_random_assignments 4.551 0.047 5.785
Flavor: r-devel-linux-x86_64-debian-clang