Last updated on 2025-04-30 04:50:09 CEST.
Flavor | Version | Tinstall | Tcheck | Ttotal | Status | Flags |
---|---|---|---|---|---|---|
r-devel-linux-x86_64-debian-clang | 0.1.0 | 6.27 | 61.97 | 68.24 | NOTE | |
r-devel-linux-x86_64-debian-gcc | 0.1.0 | 5.32 | 50.31 | 55.63 | NOTE | |
r-devel-linux-x86_64-fedora-clang | 0.1.0 | 111.87 | OK | |||
r-devel-linux-x86_64-fedora-gcc | 0.1.0 | 107.64 | OK | |||
r-devel-windows-x86_64 | 0.1.0 | 6.00 | 74.00 | 80.00 | OK | |
r-patched-linux-x86_64 | 0.1.0 | 5.44 | 60.24 | 65.68 | OK | |
r-release-linux-x86_64 | 0.1.0 | 6.42 | 60.57 | 66.99 | OK | |
r-release-macos-arm64 | 0.1.0 | 32.00 | OK | |||
r-release-macos-x86_64 | 0.1.0 | 57.00 | OK | |||
r-release-windows-x86_64 | 0.1.0 | 6.00 | 72.00 | 78.00 | OK | |
r-oldrel-macos-arm64 | 0.1.0 | 35.00 | NOTE | |||
r-oldrel-macos-x86_64 | 0.1.0 | 44.00 | NOTE | |||
r-oldrel-windows-x86_64 | 0.1.0 | 6.00 | 73.00 | 79.00 | NOTE |
Version: 0.1.0
Check: CRAN incoming feasibility
Result: NOTE
Maintainer: ‘Gunjan Bansal <gunjan.1512@gmail.com>’
No Authors@R field in DESCRIPTION.
Please add one, modifying
Authors@R: c(person(given = "Adarsh",
family = "Anand",
role = "aut"),
person(given = "Gunjan",
family = "Bansal",
role = c("aut", "cre"),
email = "gunjan.1512@gmail.com"))
as necessary.
Flavors: r-devel-linux-x86_64-debian-clang, r-devel-linux-x86_64-debian-gcc
Version: 0.1.0
Check: LazyData
Result: NOTE
'LazyData' is specified without a 'data' directory
Flavors: r-oldrel-macos-arm64, r-oldrel-macos-x86_64, r-oldrel-windows-x86_64