Last updated on 2025-04-30 04:50:09 CEST.
Flavor | Version | Tinstall | Tcheck | Ttotal | Status | Flags |
---|---|---|---|---|---|---|
r-devel-linux-x86_64-debian-clang | 1.0.0 | 2.12 | 22.91 | 25.03 | NOTE | |
r-devel-linux-x86_64-debian-gcc | 1.0.0 | 1.96 | 17.68 | 19.64 | NOTE | |
r-devel-linux-x86_64-fedora-clang | 1.0.0 | 39.18 | OK | |||
r-devel-linux-x86_64-fedora-gcc | 1.0.0 | 36.97 | OK | |||
r-devel-windows-x86_64 | 1.0.0 | 3.00 | 48.00 | 51.00 | OK | |
r-patched-linux-x86_64 | 1.0.0 | 2.46 | 21.75 | 24.21 | OK | |
r-release-linux-x86_64 | 1.0.0 | 2.27 | 21.89 | 24.16 | OK | |
r-release-macos-arm64 | 1.0.0 | 19.00 | OK | |||
r-release-macos-x86_64 | 1.0.0 | 26.00 | OK | |||
r-release-windows-x86_64 | 1.0.0 | 4.00 | 48.00 | 52.00 | OK | |
r-oldrel-macos-arm64 | 1.0.0 | 18.00 | OK | |||
r-oldrel-macos-x86_64 | 1.0.0 | 24.00 | OK | |||
r-oldrel-windows-x86_64 | 1.0.0 | 4.00 | 47.00 | 51.00 | OK |
Version: 1.0.0
Check: CRAN incoming feasibility
Result: NOTE
Maintainer: ‘Manuel M. Müller <mm2559@cam.ac.uk>’
The Description field contains
Reeve, Cannings and Samworth (2023) <arXiv:2305.04852v2>.
Please refer to arXiv e-prints via their arXiv DOI <doi:10.48550/arXiv.YYMM.NNNNN>.
Flavors: r-devel-linux-x86_64-debian-clang, r-devel-linux-x86_64-debian-gcc