CRAN Package Check Results for Package ITNr

Last updated on 2025-04-30 04:50:09 CEST.

Flavor Version Tinstall Tcheck Ttotal Status Flags
r-devel-linux-x86_64-debian-clang 0.7.0 4.93 52.88 57.81 NOTE
r-devel-linux-x86_64-debian-gcc 0.7.0 3.98 36.30 40.28 NOTE
r-devel-linux-x86_64-fedora-clang 0.7.0 94.49 OK
r-devel-linux-x86_64-fedora-gcc 0.7.0 83.63 OK
r-devel-windows-x86_64 0.7.0 8.00 74.00 82.00 OK
r-patched-linux-x86_64 0.7.0 6.22 48.81 55.03 OK
r-release-linux-x86_64 0.7.0 5.69 48.67 54.36 OK
r-release-macos-arm64 0.7.0 29.00 OK
r-release-macos-x86_64 0.7.0 48.00 OK
r-release-windows-x86_64 0.7.0 7.00 73.00 80.00 OK
r-oldrel-macos-arm64 0.7.0 26.00 OK
r-oldrel-macos-x86_64 0.7.0 40.00 OK
r-oldrel-windows-x86_64 0.7.0 10.00 87.00 97.00 OK

Check Details

Version: 0.7.0
Check: CRAN incoming feasibility
Result: NOTE Maintainer: ‘Matthew Smith <matt_smith.90@hotmail.co.uk>’ No Authors@R field in DESCRIPTION. Please add one, modifying Authors@R: person(given = "Matthew", family = "Smith", role = c("aut", "cre"), email = "matt_smith.90@hotmail.co.uk") as necessary. Flavors: r-devel-linux-x86_64-debian-clang, r-devel-linux-x86_64-debian-gcc