CRAN Package Check Results for Package Immigrate

Last updated on 2025-04-30 04:50:08 CEST.

Flavor Version Tinstall Tcheck Ttotal Status Flags
r-devel-linux-x86_64-debian-clang 0.2.1 24.66 32.15 56.81 NOTE
r-devel-linux-x86_64-debian-gcc 0.2.1 19.30 24.93 44.23 NOTE
r-devel-linux-x86_64-fedora-clang 0.2.1 101.50 OK
r-devel-linux-x86_64-fedora-gcc 0.2.1 100.30 OK
r-devel-windows-x86_64 0.2.1 31.00 70.00 101.00 OK
r-patched-linux-x86_64 0.2.1 24.15 30.51 54.66 OK
r-release-linux-x86_64 0.2.1 26.10 30.07 56.17 OK
r-release-macos-arm64 0.2.1 29.00 OK
r-release-macos-x86_64 0.2.1 49.00 OK
r-release-windows-x86_64 0.2.1 31.00 74.00 105.00 OK
r-oldrel-macos-arm64 0.2.1 28.00 OK
r-oldrel-macos-x86_64 0.2.1 46.00 OK
r-oldrel-windows-x86_64 0.2.1 36.00 80.00 116.00 OK

Check Details

Version: 0.2.1
Check: CRAN incoming feasibility
Result: NOTE Maintainer: ‘Ruzhang Zhao<ruzhangzhao@gmail.com>’ No Authors@R field in DESCRIPTION. Please add one, modifying Authors@R: c(person(given = "Ruzhang", family = "Zhao", role = c("aut", "cre"), email = "ruzhangzhao@gmail.com"), person(given = "Pengyu", family = "Hong", role = "aut"), person(given = c("Jun", "S."), family = "Liu", role = "aut")) as necessary. Flavors: r-devel-linux-x86_64-debian-clang, r-devel-linux-x86_64-debian-gcc