Last updated on 2025-04-30 04:50:08 CEST.
Flavor | Version | Tinstall | Tcheck | Ttotal | Status | Flags |
---|---|---|---|---|---|---|
r-devel-linux-x86_64-debian-clang | 0.7 | 16.42 | 26.39 | 42.81 | NOTE | |
r-devel-linux-x86_64-debian-gcc | 0.7 | 12.20 | 20.87 | 33.07 | NOTE | |
r-devel-linux-x86_64-fedora-clang | 0.7 | 80.92 | OK | |||
r-devel-linux-x86_64-fedora-gcc | 0.7 | 73.61 | OK | |||
r-devel-windows-x86_64 | 0.7 | 23.00 | 62.00 | 85.00 | OK | |
r-patched-linux-x86_64 | 0.7 | 18.21 | 25.46 | 43.67 | OK | |
r-release-linux-x86_64 | 0.7 | 16.89 | 25.61 | 42.50 | OK | |
r-release-macos-arm64 | 0.7 | 29.00 | OK | |||
r-release-macos-x86_64 | 0.7 | 37.00 | OK | |||
r-release-windows-x86_64 | 0.7 | 23.00 | 68.00 | 91.00 | OK | |
r-oldrel-macos-arm64 | 0.7 | 28.00 | OK | |||
r-oldrel-macos-x86_64 | 0.7 | 40.00 | OK | |||
r-oldrel-windows-x86_64 | 0.7 | 24.00 | 74.00 | 98.00 | OK |
Version: 0.7
Check: CRAN incoming feasibility
Result: NOTE
Maintainer: ‘Jorn Lotsch <j.loetsch@em.uni-frankfurt.de>’
No Authors@R field in DESCRIPTION.
Please add one, modifying
Authors@R: c(person(given = "Joern",
family = "Loetsch",
role = c("aut", "cre"),
comment = c(ORCID = "0000-0002-5818-6958")),
person(given = "Alfred",
family = "Ultsch",
role = "aut",
comment = c(ORCID = "0000-0002-7845-3283")),
person(given = "Jorn",
family = "Lotsch",
role = "cre",
email = "j.loetsch@em.uni-frankfurt.de"))
as necessary.
Flavors: r-devel-linux-x86_64-debian-clang, r-devel-linux-x86_64-debian-gcc