Last updated on 2025-04-30 04:50:08 CEST.
Flavor | Version | Tinstall | Tcheck | Ttotal | Status | Flags |
---|---|---|---|---|---|---|
r-devel-linux-x86_64-debian-clang | 0.0.9 | 7.25 | 97.78 | 105.03 | NOTE | |
r-devel-linux-x86_64-debian-gcc | 0.0.9 | 5.03 | 137.99 | 143.02 | NOTE | |
r-devel-linux-x86_64-fedora-clang | 0.0.9 | 128.23 | OK | |||
r-devel-linux-x86_64-fedora-gcc | 0.0.9 | 125.25 | OK | |||
r-devel-windows-x86_64 | 0.0.9 | 10.00 | 86.00 | 96.00 | OK | |
r-patched-linux-x86_64 | 0.0.9 | 6.91 | 94.26 | 101.17 | OK | |
r-release-linux-x86_64 | 0.0.9 | 6.53 | 106.75 | 113.28 | OK | |
r-release-macos-arm64 | 0.0.9 | 66.00 | OK | |||
r-release-macos-x86_64 | 0.0.9 | 81.00 | OK | |||
r-release-windows-x86_64 | 0.0.9 | 9.00 | 85.00 | 94.00 | OK | |
r-oldrel-macos-arm64 | 0.0.9 | 41.00 | OK | |||
r-oldrel-macos-x86_64 | 0.0.9 | 67.00 | OK | |||
r-oldrel-windows-x86_64 | 0.0.9 | 10.00 | 105.00 | 115.00 | OK |
Version: 0.0.9
Check: CRAN incoming feasibility
Result: NOTE
Maintainer: ‘Larsen Kim <kblarsen4@gmail.com>’
Found the following \keyword or \concept entries
which likely give several index terms:
File ‘Information.Rd’:
\keyword{IV,}
\keyword{NIV,}
\keyword{NWOE,}
\keyword{WOE,}
\keyword{classification,}
\keyword{weight-of-evidence,}
Flavors: r-devel-linux-x86_64-debian-clang, r-devel-linux-x86_64-debian-gcc
Version: 0.0.9
Check: examples
Result: NOTE
Examples with CPU (user + system) or elapsed time > 5s
user system elapsed
plot_infotables 12.179 0.069 7.937
Information 8.547 0.148 5.970
create_infotables 7.331 0.029 4.486
Flavor: r-devel-linux-x86_64-debian-gcc