Last updated on 2025-04-30 04:50:08 CEST.
Flavor | Version | Tinstall | Tcheck | Ttotal | Status | Flags |
---|---|---|---|---|---|---|
r-devel-linux-x86_64-debian-clang | 0.1.1 | 11.66 | 406.97 | 418.63 | NOTE | |
r-devel-linux-x86_64-debian-gcc | 0.1.1 | 9.29 | 258.69 | 267.98 | OK | |
r-devel-linux-x86_64-fedora-clang | 0.1.1 | 764.91 | OK | |||
r-devel-linux-x86_64-fedora-gcc | 0.1.1 | 693.07 | OK | |||
r-devel-windows-x86_64 | 0.1.1 | 13.00 | 515.00 | 528.00 | OK | |
r-patched-linux-x86_64 | 0.1.1 | 9.56 | 395.87 | 405.43 | OK | |
r-release-linux-x86_64 | 0.1.1 | 13.23 | 390.13 | 403.36 | OK | |
r-release-macos-arm64 | 0.1.1 | 242.00 | OK | |||
r-release-macos-x86_64 | 0.1.1 | 624.00 | OK | |||
r-release-windows-x86_64 | 0.1.1 | 13.00 | 515.00 | 528.00 | OK | |
r-oldrel-macos-arm64 | 0.1.1 | 217.00 | OK | |||
r-oldrel-macos-x86_64 | 0.1.1 | 437.00 | OK | |||
r-oldrel-windows-x86_64 | 0.1.1 | 18.00 | 617.00 | 635.00 | OK |
Version: 0.1.1
Check: examples
Result: NOTE
Examples with CPU (user + system) or elapsed time > 5s
user system elapsed
InteRD2 1.041 0.131 5.515
Flavor: r-devel-linux-x86_64-debian-clang