Last updated on 2025-04-30 04:50:08 CEST.
Flavor | Version | Tinstall | Tcheck | Ttotal | Status | Flags |
---|---|---|---|---|---|---|
r-devel-linux-x86_64-debian-clang | 1.1.9 | 14.11 | 43.09 | 57.20 | NOTE | |
r-devel-linux-x86_64-debian-gcc | 1.1.9 | 9.62 | 30.82 | 40.44 | NOTE | |
r-devel-linux-x86_64-fedora-clang | 1.1.9 | 99.10 | NOTE | |||
r-devel-linux-x86_64-fedora-gcc | 1.1.9 | 91.68 | NOTE | |||
r-devel-windows-x86_64 | 1.1.9 | 19.00 | 85.00 | 104.00 | OK | |
r-patched-linux-x86_64 | 1.1.9 | 15.35 | 42.10 | 57.45 | NOTE | |
r-release-linux-x86_64 | 1.1.9 | 14.03 | 41.29 | 55.32 | NOTE | |
r-release-macos-arm64 | 1.1.9 | 51.00 | OK | |||
r-release-macos-x86_64 | 1.1.9 | 52.00 | OK | |||
r-release-windows-x86_64 | 1.1.9 | 19.00 | 83.00 | 102.00 | OK | |
r-oldrel-macos-arm64 | 1.1.9 | 34.00 | OK | |||
r-oldrel-macos-x86_64 | 1.1.9 | 44.00 | OK | |||
r-oldrel-windows-x86_64 | 1.1.9 | 21.00 | 100.00 | 121.00 | OK |
Version: 1.1.9
Check: CRAN incoming feasibility
Result: NOTE
Maintainer: ‘Raziur Rahman <razeeebuet@gmail.com>’
No Authors@R field in DESCRIPTION.
Please add one, modifying
Authors@R: c(person(given = "Raziur",
family = "Rahman",
role = c("aut", "cre"),
email = "razeeebuet@gmail.com"),
person(given = "Ranadip",
family = "Pal",
role = "aut"))
as necessary.
Flavors: r-devel-linux-x86_64-debian-clang, r-devel-linux-x86_64-debian-gcc
Version: 1.1.9
Check: examples
Result: NOTE
Examples with CPU (user + system) or elapsed time > 5s
user system elapsed
Combination 3.76 0.824 5.882
Flavor: r-devel-linux-x86_64-debian-clang
Version: 1.1.9
Check: for non-standard things in the check directory
Result: NOTE
Found the following files/directories:
‘Error_Estimation_Response_1.tiff’ ‘Error_Estimation_Response_2.tiff’
‘Error_Estimation_Response_3.tiff’
Flavors: r-devel-linux-x86_64-debian-clang, r-devel-linux-x86_64-debian-gcc, r-devel-linux-x86_64-fedora-clang, r-devel-linux-x86_64-fedora-gcc, r-patched-linux-x86_64, r-release-linux-x86_64