CRAN Package Check Results for Package InterVA5

Last updated on 2025-04-30 04:50:08 CEST.

Flavor Version Tinstall Tcheck Ttotal Status Flags
r-devel-linux-x86_64-debian-clang 1.1.3 3.44 167.48 170.92 NOTE
r-devel-linux-x86_64-debian-gcc 1.1.3 2.25 96.69 98.94 OK
r-devel-linux-x86_64-fedora-clang 1.1.3 282.38 NOTE
r-devel-linux-x86_64-fedora-gcc 1.1.3 274.79 NOTE
r-devel-windows-x86_64 1.1.3 5.00 270.00 275.00 OK
r-patched-linux-x86_64 1.1.3 3.70 164.54 168.24 OK
r-release-linux-x86_64 1.1.3 3.31 164.78 168.09 OK
r-release-macos-arm64 1.1.3 100.00 OK
r-release-macos-x86_64 1.1.3 128.00 OK
r-release-windows-x86_64 1.1.3 5.00 274.00 279.00 OK
r-oldrel-macos-arm64 1.1.3 73.00 OK
r-oldrel-macos-x86_64 1.1.3 105.00 OK
r-oldrel-windows-x86_64 1.1.3 9.00 354.00 363.00 OK

Check Details

Version: 1.1.3
Check: examples
Result: NOTE Examples with CPU (user + system) or elapsed time > 5s user system elapsed InterVA5 4.743 0.008 7.286 Flavor: r-devel-linux-x86_64-debian-clang

Version: 1.1.3
Check: dependencies in R code
Result: NOTE Namespaces in Imports field not imported from: ‘curl’ ‘readxl’ All declared Imports should be used. Flavors: r-devel-linux-x86_64-fedora-clang, r-devel-linux-x86_64-fedora-gcc