CRAN Package Check Results for Package IntervalSurgeon

Last updated on 2025-04-29 04:50:06 CEST.

Flavor Version Tinstall Tcheck Ttotal Status Flags
r-devel-linux-x86_64-debian-clang 1.3 11.48 28.54 40.02 OK
r-devel-linux-x86_64-debian-gcc 1.3 7.99 23.13 31.12 NOTE
r-devel-linux-x86_64-fedora-clang 1.3 73.79 OK
r-devel-linux-x86_64-fedora-gcc 1.3 78.24 OK
r-devel-windows-x86_64 1.3 14.00 66.00 80.00 OK
r-patched-linux-x86_64 1.3 10.32 27.99 38.31 OK
r-release-linux-x86_64 1.3 11.01 27.70 38.71 OK
r-release-macos-arm64 1.3 31.00 OK
r-release-macos-x86_64 1.3 61.00 OK
r-release-windows-x86_64 1.3 15.00 75.00 90.00 OK
r-oldrel-macos-arm64 1.3 29.00 OK
r-oldrel-macos-x86_64 1.3 46.00 OK
r-oldrel-windows-x86_64 1.3 16.00 77.00 93.00 OK

Check Details

Version: 1.3
Check: CRAN incoming feasibility
Result: NOTE Maintainer: ‘Daniel Greene <dg333@cam.ac.uk>’ No Authors@R field in DESCRIPTION. Please add one, modifying Authors@R: person(given = "Daniel", family = "Greene", role = c("aut", "cre"), email = "dg333@cam.ac.uk") as necessary. Flavor: r-devel-linux-x86_64-debian-gcc