Last updated on 2025-04-30 04:50:09 CEST.
Flavor | Version | Tinstall | Tcheck | Ttotal | Status | Flags |
---|---|---|---|---|---|---|
r-devel-linux-x86_64-debian-clang | 1.4 | 51.46 | 28.47 | 79.93 | NOTE | |
r-devel-linux-x86_64-debian-gcc | 1.4 | 35.33 | 21.45 | 56.78 | NOTE | |
r-devel-linux-x86_64-fedora-clang | 1.4 | 179.53 | NOTE | |||
r-devel-linux-x86_64-fedora-gcc | 1.4 | 144.69 | NOTE | |||
r-devel-windows-x86_64 | 1.4 | 64.00 | 81.00 | 145.00 | NOTE | |
r-patched-linux-x86_64 | 1.4 | 50.13 | 27.42 | 77.55 | NOTE | |
r-release-linux-x86_64 | 1.4 | 48.60 | 27.32 | 75.92 | NOTE | |
r-release-macos-arm64 | 1.4 | 37.00 | NOTE | |||
r-release-macos-x86_64 | 1.4 | 57.00 | NOTE | |||
r-release-windows-x86_64 | 1.4 | 63.00 | 79.00 | 142.00 | NOTE | |
r-oldrel-macos-arm64 | 1.4 | 39.00 | NOTE | |||
r-oldrel-macos-x86_64 | 1.4 | 44.00 | NOTE | |||
r-oldrel-windows-x86_64 | 1.4 | 72.00 | 87.00 | 159.00 | NOTE |
Version: 1.4
Check: C++ specification
Result: NOTE
Specified C++11: please drop specification unless essential
Flavors: r-devel-linux-x86_64-debian-clang, r-devel-linux-x86_64-debian-gcc, r-devel-linux-x86_64-fedora-clang, r-devel-linux-x86_64-fedora-gcc, r-devel-windows-x86_64, r-patched-linux-x86_64, r-release-linux-x86_64, r-release-macos-arm64, r-release-macos-x86_64, r-release-windows-x86_64, r-oldrel-macos-arm64, r-oldrel-macos-x86_64, r-oldrel-windows-x86_64