Last updated on 2025-07-05 04:50:17 CEST.
Flavor | Version | Tinstall | Tcheck | Ttotal | Status | Flags |
---|---|---|---|---|---|---|
r-devel-linux-x86_64-debian-clang | 1.4 | 52.96 | 28.75 | 81.71 | NOTE | |
r-devel-linux-x86_64-debian-gcc | 1.4 | 35.73 | 22.22 | 57.95 | NOTE | |
r-devel-linux-x86_64-fedora-clang | 1.4 | 157.58 | NOTE | |||
r-devel-linux-x86_64-fedora-gcc | 1.4 | 127.43 | NOTE | |||
r-devel-windows-x86_64 | 1.4 | 62.00 | 77.00 | 139.00 | NOTE | |
r-patched-linux-x86_64 | 1.4 | 50.48 | 27.23 | 77.71 | NOTE | |
r-release-linux-x86_64 | 1.4 | 51.14 | 27.55 | 78.69 | NOTE | |
r-release-macos-arm64 | 1.4 | 37.00 | NOTE | |||
r-release-macos-x86_64 | 1.4 | 57.00 | NOTE | |||
r-release-windows-x86_64 | 1.4 | 62.00 | 75.00 | 137.00 | NOTE | |
r-oldrel-macos-arm64 | 1.4 | 39.00 | NOTE | |||
r-oldrel-macos-x86_64 | 1.4 | 44.00 | NOTE | |||
r-oldrel-windows-x86_64 | 1.4 | 75.00 | 84.00 | 159.00 | NOTE |
Version: 1.4
Check: C++ specification
Result: NOTE
Specified C++11: please drop specification unless essential
Flavors: r-devel-linux-x86_64-debian-clang, r-devel-linux-x86_64-debian-gcc, r-devel-linux-x86_64-fedora-clang, r-devel-linux-x86_64-fedora-gcc, r-devel-windows-x86_64, r-patched-linux-x86_64, r-release-linux-x86_64, r-release-macos-arm64, r-release-macos-x86_64, r-release-windows-x86_64, r-oldrel-macos-arm64, r-oldrel-macos-x86_64, r-oldrel-windows-x86_64