Last updated on 2025-04-30 04:50:09 CEST.
Flavor | Version | Tinstall | Tcheck | Ttotal | Status | Flags |
---|---|---|---|---|---|---|
r-devel-linux-x86_64-debian-clang | 0.1.1 | 6.95 | 59.31 | 66.26 | NOTE | |
r-devel-linux-x86_64-debian-gcc | 0.1.1 | 4.93 | 40.25 | 45.18 | NOTE | |
r-devel-linux-x86_64-fedora-clang | 0.1.1 | 91.83 | NOTE | |||
r-devel-linux-x86_64-fedora-gcc | 0.1.1 | 83.67 | NOTE | |||
r-devel-windows-x86_64 | 0.1.1 | 8.00 | 71.00 | 79.00 | NOTE | |
r-patched-linux-x86_64 | 0.1.1 | 6.52 | 52.81 | 59.33 | NOTE | |
r-release-linux-x86_64 | 0.1.1 | 6.78 | 52.92 | 59.70 | NOTE | |
r-release-macos-arm64 | 0.1.1 | 30.00 | NOTE | |||
r-release-macos-x86_64 | 0.1.1 | 48.00 | NOTE | |||
r-release-windows-x86_64 | 0.1.1 | 9.00 | 69.00 | 78.00 | NOTE | |
r-oldrel-macos-arm64 | 0.1.1 | 28.00 | OK | |||
r-oldrel-macos-x86_64 | 0.1.1 | 42.00 | OK | |||
r-oldrel-windows-x86_64 | 0.1.1 | 11.00 | 85.00 | 96.00 | OK |
Version: 0.1.1
Check: DESCRIPTION meta-information
Result: NOTE
Missing dependency on R >= 4.1.0 because package code uses the pipe
|> or function shorthand \(...) syntax added in R 4.1.0.
File(s) using such syntax:
‘chain-simulation.R’
Flavors: r-devel-linux-x86_64-debian-clang, r-devel-linux-x86_64-debian-gcc, r-devel-linux-x86_64-fedora-clang, r-devel-linux-x86_64-fedora-gcc, r-devel-windows-x86_64, r-patched-linux-x86_64, r-release-linux-x86_64, r-release-macos-arm64, r-release-macos-x86_64, r-release-windows-x86_64