Last updated on 2025-04-30 04:50:09 CEST.
Flavor | Version | Tinstall | Tcheck | Ttotal | Status | Flags |
---|---|---|---|---|---|---|
r-devel-linux-x86_64-debian-clang | 2.0-4 | 4.27 | 50.22 | 54.49 | NOTE | |
r-devel-linux-x86_64-debian-gcc | 2.0-4 | 4.04 | 38.13 | 42.17 | NOTE | |
r-devel-linux-x86_64-fedora-clang | 2.0-4 | 90.31 | OK | |||
r-devel-linux-x86_64-fedora-gcc | 2.0-4 | 97.60 | OK | |||
r-devel-windows-x86_64 | 2.0-4 | 8.00 | 101.00 | 109.00 | OK | |
r-patched-linux-x86_64 | 2.0-4 | 4.87 | 47.74 | 52.61 | OK | |
r-release-linux-x86_64 | 2.0-4 | 4.65 | 48.62 | 53.27 | OK | |
r-release-macos-arm64 | 2.0-4 | 38.00 | OK | |||
r-release-macos-x86_64 | 2.0-4 | 81.00 | OK | |||
r-release-windows-x86_64 | 2.0-4 | 9.00 | 95.00 | 104.00 | OK | |
r-oldrel-macos-arm64 | 2.0-4 | 37.00 | OK | |||
r-oldrel-macos-x86_64 | 2.0-4 | 57.00 | OK | |||
r-oldrel-windows-x86_64 | 2.0-4 | 9.00 | 96.00 | 105.00 | OK |
Version: 2.0-4
Check: examples
Result: NOTE
Examples with CPU (user + system) or elapsed time > 5s
user system elapsed
multscatter 10.161 0.108 12.309
Flavor: r-devel-linux-x86_64-debian-clang
Version: 2.0-4
Check: examples
Result: NOTE
Examples with CPU (user + system) or elapsed time > 5s
user system elapsed
multscatter 6.327 0.331 8.671
Flavor: r-devel-linux-x86_64-debian-gcc