CRAN Package Check Results for Package JANE

Last updated on 2025-04-30 04:50:09 CEST.

Flavor Version Tinstall Tcheck Ttotal Status Flags
r-devel-linux-x86_64-debian-clang 1.0.0 150.34 183.59 333.93 OK
r-devel-linux-x86_64-debian-gcc 1.0.0 110.77 117.83 228.60 OK
r-devel-linux-x86_64-fedora-clang 1.0.0 582.92 NOTE
r-devel-linux-x86_64-fedora-gcc 1.0.0 511.01 NOTE
r-devel-windows-x86_64 1.0.0 171.00 180.00 351.00 OK
r-patched-linux-x86_64 1.0.0 151.28 142.65 293.93 OK
r-release-linux-x86_64 1.0.0 153.21 167.76 320.97 OK
r-release-macos-arm64 1.0.0 147.00 OK
r-release-macos-x86_64 1.0.0 229.00 OK
r-release-windows-x86_64 1.0.0 173.00 278.00 451.00 OK
r-oldrel-macos-arm64 1.0.0 118.00 NOTE
r-oldrel-macos-x86_64 1.0.0 178.00 NOTE
r-oldrel-windows-x86_64 1.0.0 198.00 241.00 439.00 OK

Check Details

Version: 1.0.0
Check: dependencies in R code
Result: NOTE Namespace in Imports field not imported from: ‘progress’ All declared Imports should be used. Flavors: r-devel-linux-x86_64-fedora-clang, r-devel-linux-x86_64-fedora-gcc

Version: 1.0.0
Check: installed package size
Result: NOTE installed size is 9.0Mb sub-directories of 1Mb or more: libs 8.7Mb Flavors: r-oldrel-macos-arm64, r-oldrel-macos-x86_64