Last updated on 2025-04-30 04:50:09 CEST.
Flavor | Version | Tinstall | Tcheck | Ttotal | Status | Flags |
---|---|---|---|---|---|---|
r-devel-linux-x86_64-debian-clang | 1.2.0 | 13.23 | 74.02 | 87.25 | NOTE | |
r-devel-linux-x86_64-debian-gcc | 1.2.0 | 11.22 | 49.19 | 60.41 | NOTE | |
r-devel-linux-x86_64-fedora-clang | 1.2.0 | 150.10 | OK | |||
r-devel-linux-x86_64-fedora-gcc | 1.2.0 | 129.59 | OK | |||
r-devel-windows-x86_64 | 1.2.0 | 15.00 | 90.00 | 105.00 | OK | |
r-patched-linux-x86_64 | 1.2.0 | 14.81 | 69.52 | 84.33 | OK | |
r-release-linux-x86_64 | 1.2.0 | 14.41 | 69.02 | 83.43 | OK | |
r-release-macos-arm64 | 1.2.0 | 48.00 | OK | |||
r-release-macos-x86_64 | 1.2.0 | 80.00 | OK | |||
r-release-windows-x86_64 | 1.2.0 | 15.00 | 92.00 | 107.00 | OK | |
r-oldrel-macos-arm64 | 1.2.0 | 49.00 | OK | |||
r-oldrel-macos-x86_64 | 1.2.0 | 71.00 | OK | |||
r-oldrel-windows-x86_64 | 1.2.0 | 13.00 | 108.00 | 121.00 | OK |
Version: 1.2.0
Check: examples
Result: NOTE
Examples with CPU (user + system) or elapsed time > 5s
user system elapsed
study.character 4.836 0.064 8.021
Flavor: r-devel-linux-x86_64-debian-clang
Version: 1.2.0
Check: examples
Result: NOTE
Examples with CPU (user + system) or elapsed time > 5s
user system elapsed
study.character 2.619 0.073 5.293
Flavor: r-devel-linux-x86_64-debian-gcc