Last updated on 2025-04-30 04:50:09 CEST.
Flavor | Version | Tinstall | Tcheck | Ttotal | Status | Flags |
---|---|---|---|---|---|---|
r-devel-linux-x86_64-debian-clang | 0.1 | 2.51 | 38.86 | 41.37 | NOTE | |
r-devel-linux-x86_64-debian-gcc | 0.1 | 1.59 | 29.85 | 31.44 | NOTE | |
r-devel-linux-x86_64-fedora-clang | 0.1 | 66.90 | OK | |||
r-devel-linux-x86_64-fedora-gcc | 0.1 | 63.79 | OK | |||
r-devel-windows-x86_64 | 0.1 | 4.00 | 58.00 | 62.00 | OK | |
r-patched-linux-x86_64 | 0.1 | 2.61 | 38.74 | 41.35 | OK | |
r-release-linux-x86_64 | 0.1 | 1.91 | 38.39 | 40.30 | OK | |
r-release-macos-arm64 | 0.1 | 26.00 | OK | |||
r-release-macos-x86_64 | 0.1 | 40.00 | OK | |||
r-release-windows-x86_64 | 0.1 | 4.00 | 61.00 | 65.00 | OK | |
r-oldrel-macos-arm64 | 0.1 | 32.00 | OK | |||
r-oldrel-macos-x86_64 | 0.1 | 73.00 | OK | |||
r-oldrel-windows-x86_64 | 0.1 | 4.00 | 70.00 | 74.00 | OK |
Version: 0.1
Check: examples
Result: NOTE
Examples with CPU (user + system) or elapsed time > 5s
user system elapsed
cv.continnum.iter 5.364 0.265 6.945
Flavor: r-devel-linux-x86_64-debian-clang
Version: 0.1
Check: examples
Result: NOTE
Examples with CPU (user + system) or elapsed time > 5s
user system elapsed
cv.continnum.iter 4.244 0.44 6.23
Flavor: r-devel-linux-x86_64-debian-gcc