Last updated on 2025-04-30 04:50:09 CEST.
Flavor | Version | Tinstall | Tcheck | Ttotal | Status | Flags |
---|---|---|---|---|---|---|
r-devel-linux-x86_64-debian-clang | 1.0.3 | 395.90 | 136.81 | 532.71 | NOTE | |
r-devel-linux-x86_64-debian-gcc | 1.0.3 | 317.32 | 122.74 | 440.06 | NOTE | |
r-devel-linux-x86_64-fedora-clang | 1.0.3 | 932.83 | OK | |||
r-devel-linux-x86_64-fedora-gcc | 1.0.3 | 1096.03 | OK | |||
r-devel-windows-x86_64 | 1.0.3 | 381.00 | 184.00 | 565.00 | OK | |
r-patched-linux-x86_64 | 1.0.3 | 406.73 | 169.96 | 576.69 | OK | |
r-release-linux-x86_64 | 1.0.3 | 402.15 | 171.12 | 573.27 | OK | |
r-release-macos-arm64 | 1.0.3 | 217.00 | OK | |||
r-release-macos-x86_64 | 1.0.3 | 227.00 | OK | |||
r-release-windows-x86_64 | 1.0.3 | 390.00 | 182.00 | 572.00 | OK | |
r-oldrel-macos-arm64 | 1.0.3 | 221.00 | NOTE | |||
r-oldrel-macos-x86_64 | 1.0.3 | 199.00 | NOTE | |||
r-oldrel-windows-x86_64 | 1.0.3 | 441.00 | 218.00 | 659.00 | OK |
Version: 1.0.3
Check: CRAN incoming feasibility
Result: NOTE
Maintainer: ‘Shanpeng Li <lishanpeng0913@ucla.edu>’
The Description field contains
<arXiv:2301.06584>. The proposed method models the within-subject
Please refer to arXiv e-prints via their arXiv DOI <doi:10.48550/arXiv.YYMM.NNNNN>.
Flavors: r-devel-linux-x86_64-debian-clang, r-devel-linux-x86_64-debian-gcc
Version: 1.0.3
Check: installed package size
Result: NOTE
installed size is 40.0Mb
sub-directories of 1Mb or more:
libs 39.5Mb
Flavors: r-oldrel-macos-arm64, r-oldrel-macos-x86_64