Last updated on 2025-04-30 04:50:09 CEST.
Flavor | Version | Tinstall | Tcheck | Ttotal | Status | Flags |
---|---|---|---|---|---|---|
r-devel-linux-x86_64-debian-clang | 0.1.0 | 20.50 | 21.33 | 41.83 | NOTE | |
r-devel-linux-x86_64-debian-gcc | 0.1.0 | 15.67 | 17.78 | 33.45 | NOTE | |
r-devel-linux-x86_64-fedora-clang | 0.1.0 | 84.85 | OK | |||
r-devel-linux-x86_64-fedora-gcc | 0.1.0 | 74.56 | OK | |||
r-devel-windows-x86_64 | 0.1.0 | 25.00 | 64.00 | 89.00 | OK | |
r-patched-linux-x86_64 | 0.1.0 | 19.69 | 20.78 | 40.47 | OK | |
r-release-linux-x86_64 | 0.1.0 | 20.89 | 20.75 | 41.64 | OK | |
r-release-macos-arm64 | 0.1.0 | 24.00 | OK | |||
r-release-macos-x86_64 | 0.1.0 | 50.00 | OK | |||
r-release-windows-x86_64 | 0.1.0 | 27.00 | 63.00 | 90.00 | OK | |
r-oldrel-macos-arm64 | 0.1.0 | 23.00 | NOTE | |||
r-oldrel-macos-x86_64 | 0.1.0 | 41.00 | NOTE | |||
r-oldrel-windows-x86_64 | 0.1.0 | 30.00 | 70.00 | 100.00 | NOTE |
Version: 0.1.0
Check: CRAN incoming feasibility
Result: NOTE
Maintainer: ‘Zeng Xianli <a0123862@u.nus.edu>’
No Authors@R field in DESCRIPTION.
Please add one, modifying
Authors@R: c(person(given = "Zeng",
family = "Xianli",
role = c("aut", "cre"),
email = "a0123862@u.nus.edu"),
person(given = "Hang",
family = "Weiqiang",
role = "aut",
email = "e0010758@u.nus.edu"))
as necessary.
Flavors: r-devel-linux-x86_64-debian-clang, r-devel-linux-x86_64-debian-gcc
Version: 0.1.0
Check: LazyData
Result: NOTE
'LazyData' is specified without a 'data' directory
Flavors: r-oldrel-macos-arm64, r-oldrel-macos-x86_64, r-oldrel-windows-x86_64