Last updated on 2025-04-30 04:50:09 CEST.
Flavor | Version | Tinstall | Tcheck | Ttotal | Status | Flags |
---|---|---|---|---|---|---|
r-devel-linux-x86_64-debian-clang | 2.1.0 | 11.77 | 48.78 | 60.55 | OK | |
r-devel-linux-x86_64-debian-gcc | 2.1.0 | 7.69 | 40.22 | 47.91 | OK | |
r-devel-linux-x86_64-fedora-clang | 2.1.0 | 102.42 | NOTE | |||
r-devel-linux-x86_64-fedora-gcc | 2.1.0 | 107.92 | NOTE | |||
r-devel-windows-x86_64 | 2.1.0 | 15.00 | 109.00 | 124.00 | OK | |
r-patched-linux-x86_64 | 2.1.0 | 10.86 | 46.43 | 57.29 | OK | |
r-release-linux-x86_64 | 2.1.0 | 10.13 | 46.50 | 56.63 | OK | |
r-release-macos-arm64 | 2.1.0 | 53.00 | OK | |||
r-release-macos-x86_64 | 2.1.0 | 126.00 | OK | |||
r-release-windows-x86_64 | 2.1.0 | 16.00 | 114.00 | 130.00 | OK | |
r-oldrel-macos-arm64 | 2.1.0 | 49.00 | OK | |||
r-oldrel-macos-x86_64 | 2.1.0 | 98.00 | OK | |||
r-oldrel-windows-x86_64 | 2.1.0 | 17.00 | 118.00 | 135.00 | OK |
Version: 2.1.0
Check: dependencies in R code
Result: NOTE
Namespace in Imports field not imported from: ‘doParallel’
All declared Imports should be used.
Flavors: r-devel-linux-x86_64-fedora-clang, r-devel-linux-x86_64-fedora-gcc