Last updated on 2025-04-30 04:50:09 CEST.
Flavor | Version | Tinstall | Tcheck | Ttotal | Status | Flags |
---|---|---|---|---|---|---|
r-devel-linux-x86_64-debian-clang | 4.4.4 | 11.51 | 121.45 | 132.96 | NOTE | |
r-devel-linux-x86_64-debian-gcc | 4.4.4 | 9.49 | 85.00 | 94.49 | OK | |
r-devel-linux-x86_64-fedora-clang | 4.4.4 | 219.91 | OK | |||
r-devel-linux-x86_64-fedora-gcc | 4.4.4 | 206.93 | OK | |||
r-devel-windows-x86_64 | 4.4.4 | 14.00 | 118.00 | 132.00 | OK | |
r-patched-linux-x86_64 | 4.4.4 | 11.63 | 114.26 | 125.89 | OK | |
r-release-linux-x86_64 | 4.4.4 | 12.74 | 115.36 | 128.10 | OK | |
r-release-macos-arm64 | 4.4.4 | 64.00 | OK | |||
r-release-macos-x86_64 | 4.4.4 | 151.00 | OK | |||
r-release-windows-x86_64 | 4.4.4 | 14.00 | 118.00 | 132.00 | OK | |
r-oldrel-macos-arm64 | 4.4.4 | 62.00 | OK | |||
r-oldrel-macos-x86_64 | 4.4.4 | 155.00 | OK | |||
r-oldrel-windows-x86_64 | 4.4.4 | 16.00 | 153.00 | 169.00 | OK |
Version: 4.4.4
Check: examples
Result: NOTE
Examples with CPU (user + system) or elapsed time > 5s
user system elapsed
Apex 6.844 0.068 8.965
WholeSurface 6.468 0.012 8.545
Flavor: r-devel-linux-x86_64-debian-clang