Last updated on 2025-04-30 04:50:09 CEST.
Flavor | Version | Tinstall | Tcheck | Ttotal | Status | Flags |
---|---|---|---|---|---|---|
r-devel-linux-x86_64-debian-clang | 1.5.0 | 1.84 | 46.02 | 47.86 | NOTE | |
r-devel-linux-x86_64-debian-gcc | 1.5.0 | 1.51 | 31.19 | 32.70 | OK | |
r-devel-linux-x86_64-fedora-clang | 1.5.0 | 85.16 | OK | |||
r-devel-linux-x86_64-fedora-gcc | 1.5.0 | 80.30 | OK | |||
r-devel-windows-x86_64 | 1.5.0 | 3.00 | 68.00 | 71.00 | OK | |
r-patched-linux-x86_64 | 1.5.0 | 2.42 | 47.04 | 49.46 | OK | |
r-release-linux-x86_64 | 1.5.0 | 1.74 | 46.83 | 48.57 | OK | |
r-release-macos-arm64 | 1.5.0 | 25.00 | OK | |||
r-release-macos-x86_64 | 1.5.0 | 61.00 | OK | |||
r-release-windows-x86_64 | 1.5.0 | 3.00 | 64.00 | 67.00 | OK | |
r-oldrel-macos-arm64 | 1.5.0 | 25.00 | OK | |||
r-oldrel-macos-x86_64 | 1.5.0 | 55.00 | OK | |||
r-oldrel-windows-x86_64 | 1.5.0 | 3.00 | 72.00 | 75.00 | OK |
Version: 1.5.0
Check: examples
Result: NOTE
Examples with CPU (user + system) or elapsed time > 5s
user system elapsed
demo_JSparO 4.101 0.000 6.053
L2HardThr 3.780 0.005 5.353
L2HalfThr 3.760 0.001 5.392
Flavor: r-devel-linux-x86_64-debian-clang