Last updated on 2025-04-30 04:50:09 CEST.
Flavor | Version | Tinstall | Tcheck | Ttotal | Status | Flags |
---|---|---|---|---|---|---|
r-devel-linux-x86_64-debian-clang | 1.0.1 | 16.97 | 23.53 | 40.50 | NOTE | |
r-devel-linux-x86_64-debian-gcc | 1.0.1 | 13.20 | 18.42 | 31.62 | NOTE | |
r-devel-linux-x86_64-fedora-clang | 1.0.1 | 81.86 | OK | |||
r-devel-linux-x86_64-fedora-gcc | 1.0.1 | 68.62 | OK | |||
r-devel-windows-x86_64 | 1.0.1 | 22.00 | 63.00 | 85.00 | OK | |
r-patched-linux-x86_64 | 1.0.1 | 16.27 | 22.78 | 39.05 | OK | |
r-release-linux-x86_64 | 1.0.1 | 17.09 | 22.91 | 40.00 | OK | |
r-release-macos-arm64 | 1.0.1 | 24.00 | OK | |||
r-release-macos-x86_64 | 1.0.1 | 45.00 | OK | |||
r-release-windows-x86_64 | 1.0.1 | 23.00 | 61.00 | 84.00 | OK | |
r-oldrel-macos-arm64 | 1.0.1 | 24.00 | OK | |||
r-oldrel-macos-x86_64 | 1.0.1 | 35.00 | OK | |||
r-oldrel-windows-x86_64 | 1.0.1 | 27.00 | 69.00 | 96.00 | OK |
Version: 1.0.1
Check: CRAN incoming feasibility
Result: NOTE
Maintainer: ‘Yan Li <yanli_@jlu.edu.cn>’
The Description field contains
<https://www.biorxiv.org/content/10.1101/2023.02.13.528417v2>].
Please use permanent DOI markup for linking to publications as in <doi:prefix/suffix>.
Flavors: r-devel-linux-x86_64-debian-clang, r-devel-linux-x86_64-debian-gcc