Last updated on 2025-04-30 04:50:09 CEST.
Flavor | Version | Tinstall | Tcheck | Ttotal | Status | Flags |
---|---|---|---|---|---|---|
r-devel-linux-x86_64-debian-clang | 1.4.3 | 22.54 | 229.85 | 252.39 | NOTE | |
r-devel-linux-x86_64-debian-gcc | 1.4.3 | 17.12 | 155.09 | 172.21 | OK | |
r-devel-linux-x86_64-fedora-clang | 1.4.3 | 375.97 | OK | |||
r-devel-linux-x86_64-fedora-gcc | 1.4.3 | 366.46 | OK | |||
r-devel-windows-x86_64 | 1.4.3 | 24.00 | 227.00 | 251.00 | OK | |
r-patched-linux-x86_64 | 1.4.3 | 23.18 | 209.45 | 232.63 | OK | |
r-release-linux-x86_64 | 1.4.3 | 20.14 | 209.24 | 229.38 | OK | |
r-release-macos-arm64 | 1.4.3 | 90.00 | OK | |||
r-release-macos-x86_64 | 1.4.3 | 155.00 | OK | |||
r-release-windows-x86_64 | 1.4.3 | 25.00 | 220.00 | 245.00 | OK | |
r-oldrel-macos-arm64 | 1.4.3 | 104.00 | OK | |||
r-oldrel-macos-x86_64 | 1.4.3 | 165.00 | OK | |||
r-oldrel-windows-x86_64 | 1.4.3 | 30.00 | 294.00 | 324.00 | OK |
Version: 1.4.3
Check: examples
Result: NOTE
Examples with CPU (user + system) or elapsed time > 5s
user system elapsed
modelDiagnostics 3.98 0.277 6.388
Flavor: r-devel-linux-x86_64-debian-clang