CRAN Package Check Results for Package Jdmbs

Last updated on 2025-04-30 04:50:09 CEST.

Flavor Version Tinstall Tcheck Ttotal Status Flags
r-devel-linux-x86_64-debian-clang 1.4 5.82 58.17 63.99 NOTE
r-devel-linux-x86_64-debian-gcc 1.4 4.05 40.48 44.53 OK
r-devel-linux-x86_64-fedora-clang 1.4 98.56 OK
r-devel-linux-x86_64-fedora-gcc 1.4 103.38 OK
r-devel-windows-x86_64 1.4 7.00 70.00 77.00 OK
r-patched-linux-x86_64 1.4 4.63 55.19 59.82 OK
r-release-linux-x86_64 1.4 4.95 54.60 59.55 OK
r-release-macos-arm64 1.4 47.00 OK
r-release-macos-x86_64 1.4 79.00 OK
r-release-windows-x86_64 1.4 7.00 70.00 77.00 OK
r-oldrel-macos-arm64 1.4 35.00 OK
r-oldrel-macos-x86_64 1.4 53.00 OK
r-oldrel-windows-x86_64 1.4 8.00 85.00 93.00 OK

Check Details

Version: 1.4
Check: examples
Result: NOTE Examples with CPU (user + system) or elapsed time > 5s user system elapsed jdm_new_bs 5.05 0.12 6.389 Flavor: r-devel-linux-x86_64-debian-clang