CRAN Package Check Results for Package JoF

Last updated on 2025-04-30 04:50:09 CEST.

Flavor Version Tinstall Tcheck Ttotal Status Flags
r-devel-linux-x86_64-debian-clang 0.1.0 2.26 31.40 33.66 NOTE
r-devel-linux-x86_64-debian-gcc 0.1.0 1.38 23.26 24.64 NOTE
r-devel-linux-x86_64-fedora-clang 0.1.0 55.64 OK
r-devel-linux-x86_64-fedora-gcc 0.1.0 64.20 OK
r-devel-windows-x86_64 0.1.0 3.00 51.00 54.00 OK
r-patched-linux-x86_64 0.1.0 2.05 29.13 31.18 OK
r-release-linux-x86_64 0.1.0 2.19 29.52 31.71 OK
r-release-macos-arm64 0.1.0 36.00 OK
r-release-macos-x86_64 0.1.0 52.00 OK
r-release-windows-x86_64 0.1.0 3.00 54.00 57.00 OK
r-oldrel-macos-arm64 0.1.0 29.00 NOTE
r-oldrel-macos-x86_64 0.1.0 38.00 NOTE
r-oldrel-windows-x86_64 0.1.0 4.00 57.00 61.00 NOTE

Check Details

Version: 0.1.0
Check: CRAN incoming feasibility
Result: NOTE Maintainer: ‘Markus Burkhardt <markus.burkhardt@psychologie.tu-chemnitz.de>’ Found the following URLs which should use \doi (with the DOI name only): File ‘TODAM2.Rd’: https://doi.org/10.1006/jmps.2000.1339 Flavors: r-devel-linux-x86_64-debian-clang, r-devel-linux-x86_64-debian-gcc

Version: 0.1.0
Check: LazyData
Result: NOTE 'LazyData' is specified without a 'data' directory Flavors: r-oldrel-macos-arm64, r-oldrel-macos-x86_64, r-oldrel-windows-x86_64