Last updated on 2025-02-21 03:52:15 CET.
Flavor | Version | Tinstall | Tcheck | Ttotal | Status | Flags |
---|---|---|---|---|---|---|
r-devel-linux-x86_64-debian-clang | 1.2.1 | 10.01 | 153.16 | 163.17 | NOTE | |
r-devel-linux-x86_64-debian-gcc | 1.2.1 | 7.41 | 105.25 | 112.66 | NOTE | |
r-devel-linux-x86_64-fedora-clang | 1.2.2 | 272.07 | OK | |||
r-devel-linux-x86_64-fedora-gcc | 1.2.2 | 258.96 | OK | |||
r-devel-macos-arm64 | 1.2.1 | 63.00 | OK | |||
r-devel-macos-x86_64 | 1.2.2 | 136.00 | OK | |||
r-devel-windows-x86_64 | 1.2.1 | 10.00 | 140.00 | 150.00 | NOTE | |
r-patched-linux-x86_64 | 1.2.1 | 9.44 | 144.59 | 154.03 | OK | |
r-release-linux-x86_64 | 1.2.1 | 9.12 | 147.77 | 156.89 | OK | |
r-release-macos-arm64 | 1.2.1 | 66.00 | OK | |||
r-release-macos-x86_64 | 1.2.2 | 180.00 | OK | |||
r-release-windows-x86_64 | 1.2.1 | 10.00 | 141.00 | 151.00 | OK | |
r-oldrel-macos-arm64 | 1.2.1 | 70.00 | OK | |||
r-oldrel-macos-x86_64 | 1.2.2 | 174.00 | OK | |||
r-oldrel-windows-x86_64 | 1.2.2 | 19.00 | 178.00 | 197.00 | OK |
Version: 1.2.1
Check: DESCRIPTION meta-information
Result: NOTE
Missing dependency on R >= 4.1.0 because package code uses the pipe
|> or function shorthand \(...) syntax added in R 4.1.0.
File(s) using such syntax:
‘predict.JointFPM.R’
Flavors: r-devel-linux-x86_64-debian-clang, r-devel-linux-x86_64-debian-gcc, r-devel-windows-x86_64