CRAN Package Check Results for Package KCSNBShiny

Last updated on 2025-04-30 04:50:09 CEST.

Flavor Version Tinstall Tcheck Ttotal Status Flags
r-devel-linux-x86_64-debian-clang 0.1.0 14.98 110.05 125.03 NOTE
r-devel-linux-x86_64-debian-gcc 0.1.0 11.02 77.31 88.33 NOTE
r-devel-linux-x86_64-fedora-clang 0.1.0 192.60 OK
r-devel-linux-x86_64-fedora-gcc 0.1.0 169.03 OK
r-devel-windows-x86_64 0.1.0 14.00 113.00 127.00 OK
r-patched-linux-x86_64 0.1.0 13.62 103.12 116.74 OK
r-release-linux-x86_64 0.1.0 13.52 102.53 116.05 OK
r-release-macos-arm64 0.1.0 50.00 OK
r-release-macos-x86_64 0.1.0 91.00 OK
r-release-windows-x86_64 0.1.0 14.00 112.00 126.00 OK
r-oldrel-macos-arm64 0.1.0 48.00 OK
r-oldrel-macos-x86_64 0.1.0 81.00 OK
r-oldrel-windows-x86_64 0.1.0 20.00 140.00 160.00 OK

Check Details

Version: 0.1.0
Check: CRAN incoming feasibility
Result: NOTE Maintainer: ‘Karne Chaithanya Sai <karnechaithanyasai@gmail.com>’ No Authors@R field in DESCRIPTION. Please add one, modifying Authors@R: person(given = c("Karne", "Chaithanya"), family = "Sai", role = c("aut", "cre"), email = "karnechaithanyasai@gmail.com") as necessary. Flavors: r-devel-linux-x86_64-debian-clang, r-devel-linux-x86_64-debian-gcc