CRAN Package Check Results for Package KFPLS

Last updated on 2025-04-30 04:50:09 CEST.

Flavor Version Tinstall Tcheck Ttotal Status Flags
r-devel-linux-x86_64-debian-clang 1.0 2.10 24.31 26.41 NOTE
r-devel-linux-x86_64-debian-gcc 1.0 1.58 18.87 20.45 OK
r-devel-linux-x86_64-fedora-clang 1.0 43.37 NOTE
r-devel-linux-x86_64-fedora-gcc 1.0 39.48 NOTE
r-devel-windows-x86_64 1.0 3.00 47.00 50.00 OK
r-patched-linux-x86_64 1.0 2.02 23.63 25.65 OK
r-release-linux-x86_64 1.0 1.91 23.47 25.38 OK
r-release-macos-arm64 1.0 19.00 OK
r-release-macos-x86_64 1.0 29.00 OK
r-release-windows-x86_64 1.0 3.00 46.00 49.00 OK
r-oldrel-macos-arm64 1.0 18.00 OK
r-oldrel-macos-x86_64 1.0 35.00 OK
r-oldrel-windows-x86_64 1.0 4.00 49.00 53.00 OK

Check Details

Version: 1.0
Check: examples
Result: NOTE Examples with CPU (user + system) or elapsed time > 5s user system elapsed KFPLS 3.846 0.14 5.569 Flavor: r-devel-linux-x86_64-debian-clang

Version: 1.0
Check: dependencies in R code
Result: NOTE Namespace in Imports field not imported from: ‘splines’ All declared Imports should be used. Flavors: r-devel-linux-x86_64-fedora-clang, r-devel-linux-x86_64-fedora-gcc