CRAN Package Check Results for Package KLINK

Last updated on 2025-04-30 04:50:09 CEST.

Flavor Version Tinstall Tcheck Ttotal Status Flags
r-devel-linux-x86_64-debian-clang 1.0.2 11.19 89.76 100.95 NOTE
r-devel-linux-x86_64-debian-gcc 1.0.2 8.31 62.35 70.66 NOTE
r-devel-linux-x86_64-fedora-clang 1.0.2 157.53 NOTE
r-devel-linux-x86_64-fedora-gcc 1.0.2 154.00 NOTE
r-devel-windows-x86_64 1.0.2 12.00 97.00 109.00 NOTE
r-patched-linux-x86_64 1.0.2 9.82 81.23 91.05 NOTE
r-release-linux-x86_64 1.0.2 11.18 79.87 91.05 NOTE
r-release-macos-arm64 1.0.2 44.00 NOTE
r-release-macos-x86_64 1.0.2 115.00 OK
r-release-windows-x86_64 1.0.2 13.00 96.00 109.00 NOTE
r-oldrel-macos-arm64 1.0.2 43.00 OK
r-oldrel-macos-x86_64 1.0.2 115.00 OK
r-oldrel-windows-x86_64 1.0.2 17.00 115.00 132.00 OK

Check Details

Version: 1.0.2
Check: DESCRIPTION meta-information
Result: NOTE Missing dependency on R >= 4.2.0 because package code uses the pipe placeholder syntax added in R 4.2.0. File(s) using such syntax: ‘linkedLR.Rd’ Flavors: r-devel-linux-x86_64-debian-clang, r-devel-linux-x86_64-debian-gcc, r-devel-linux-x86_64-fedora-clang, r-devel-linux-x86_64-fedora-gcc, r-devel-windows-x86_64, r-patched-linux-x86_64, r-release-linux-x86_64, r-release-macos-arm64, r-release-windows-x86_64