CRAN Package Check Results for Package KODAMA

Last updated on 2025-04-30 04:50:09 CEST.

Flavor Version Tinstall Tcheck Ttotal Status Flags
r-devel-linux-x86_64-debian-clang 2.4.1 55.68 82.26 137.94 OK
r-devel-linux-x86_64-debian-gcc 2.4.1 38.32 62.17 100.49 OK
r-devel-linux-x86_64-fedora-clang 2.4.1 262.77 OK
r-devel-linux-x86_64-fedora-gcc 2.4.1 236.70 OK
r-devel-windows-x86_64 2.4.1 67.00 123.00 190.00 OK
r-patched-linux-x86_64 2.4.1 49.28 80.35 129.63 OK
r-release-linux-x86_64 2.4.1 50.84 80.09 130.93 OK
r-release-macos-arm64 2.4.1 78.00 OK
r-release-macos-x86_64 2.4.1 110.00 OK
r-release-windows-x86_64 2.4.1 66.00 129.00 195.00 OK
r-oldrel-macos-arm64 2.4.1 69.00 NOTE
r-oldrel-macos-x86_64 2.4.1 134.00 NOTE
r-oldrel-windows-x86_64 2.4.1 73.00 154.00 227.00 OK

Check Details

Version: 2.4.1
Check: installed package size
Result: NOTE installed size is 6.8Mb sub-directories of 1Mb or more: data 1.6Mb libs 4.1Mb Flavors: r-oldrel-macos-arm64, r-oldrel-macos-x86_64