CRAN Package Check Results for Package KONPsurv

Last updated on 2025-04-30 04:50:09 CEST.

Flavor Version Tinstall Tcheck Ttotal Status Flags
r-devel-linux-x86_64-debian-clang 1.0.4 15.39 36.07 51.46 NOTE
r-devel-linux-x86_64-debian-gcc 1.0.4 11.18 26.94 38.12 NOTE
r-devel-linux-x86_64-fedora-clang 1.0.4 88.19 OK
r-devel-linux-x86_64-fedora-gcc 1.0.4 84.48 OK
r-devel-windows-x86_64 1.0.4 19.00 70.00 89.00 OK
r-patched-linux-x86_64 1.0.4 17.05 33.79 50.84 OK
r-release-linux-x86_64 1.0.4 15.91 33.56 49.47 OK
r-release-macos-arm64 1.0.4 29.00 OK
r-release-macos-x86_64 1.0.4 44.00 OK
r-release-windows-x86_64 1.0.4 19.00 73.00 92.00 OK
r-oldrel-macos-arm64 1.0.4 28.00 OK
r-oldrel-macos-x86_64 1.0.4 44.00 OK
r-oldrel-windows-x86_64 1.0.4 22.00 80.00 102.00 OK

Check Details

Version: 1.0.4
Check: examples
Result: NOTE Examples with CPU (user + system) or elapsed time > 5s user system elapsed konp_test 7.148 0.123 8.863 Flavor: r-devel-linux-x86_64-debian-clang

Version: 1.0.4
Check: examples
Result: NOTE Examples with CPU (user + system) or elapsed time > 5s user system elapsed konp_test 4.329 0.125 6.029 Flavor: r-devel-linux-x86_64-debian-gcc