Last updated on 2025-04-30 04:50:09 CEST.
Flavor | Version | Tinstall | Tcheck | Ttotal | Status | Flags |
---|---|---|---|---|---|---|
r-devel-linux-x86_64-debian-clang | 1.0-0 | 1.64 | 23.07 | 24.71 | NOTE | |
r-devel-linux-x86_64-debian-gcc | 1.0-0 | 1.69 | 17.95 | 19.64 | NOTE | |
r-devel-linux-x86_64-fedora-clang | 1.0-0 | 41.11 | OK | |||
r-devel-linux-x86_64-fedora-gcc | 1.0-0 | 38.41 | OK | |||
r-devel-windows-x86_64 | 1.0-0 | 3.00 | 48.00 | 51.00 | OK | |
r-patched-linux-x86_64 | 1.0-0 | 2.58 | 22.93 | 25.51 | OK | |
r-release-linux-x86_64 | 1.0-0 | 1.93 | 22.37 | 24.30 | OK | |
r-release-macos-arm64 | 1.0-0 | 18.00 | OK | |||
r-release-macos-x86_64 | 1.0-0 | 35.00 | OK | |||
r-release-windows-x86_64 | 1.0-0 | 3.00 | 47.00 | 50.00 | OK | |
r-oldrel-macos-arm64 | 1.0-0 | 16.00 | OK | |||
r-oldrel-macos-x86_64 | 1.0-0 | 24.00 | OK | |||
r-oldrel-windows-x86_64 | 1.0-0 | 3.00 | 48.00 | 51.00 | OK |
Version: 1.0-0
Check: CRAN incoming feasibility
Result: NOTE
Maintainer: ‘Jens Hainmueller <jhain@stanford.edu>’
No Authors@R field in DESCRIPTION.
Please add one, modifying
Authors@R: c(person(given = c("Jens", "Hainmueller", "Chad", "Hazlett"),
family = "(UCLA)",
role = "aut",
comment = "UCLA"),
person(given = "Jens",
family = "Hainmueller",
role = "cre",
email = "jhain@stanford.edu"))
as necessary.
Found the following \keyword or \concept entries
which likely give several index terms:
File ‘krls.Rd’:
\keyword{multivariate, smooth, kernels, machine le [TRUNCATED]
Flavors: r-devel-linux-x86_64-debian-clang, r-devel-linux-x86_64-debian-gcc