CRAN Package Check Results for Package KappaGUI

Last updated on 2025-04-30 04:50:09 CEST.

Flavor Version Tinstall Tcheck Ttotal Status Flags
r-devel-linux-x86_64-debian-clang 2.0.2 2.34 30.85 33.19 NOTE
r-devel-linux-x86_64-debian-gcc 2.0.2 2.62 23.63 26.25 NOTE
r-devel-linux-x86_64-fedora-clang 2.0.2 55.83 OK
r-devel-linux-x86_64-fedora-gcc 2.0.2 51.03 OK
r-devel-windows-x86_64 2.0.2 4.00 53.00 57.00 OK
r-patched-linux-x86_64 2.0.2 3.37 29.10 32.47 OK
r-release-linux-x86_64 2.0.2 3.03 29.37 32.40 OK
r-release-macos-arm64 2.0.2 24.00 OK
r-release-macos-x86_64 2.0.2 37.00 OK
r-release-windows-x86_64 2.0.2 5.00 53.00 58.00 OK
r-oldrel-macos-arm64 2.0.2 19.00 OK
r-oldrel-macos-x86_64 2.0.2 29.00 OK
r-oldrel-windows-x86_64 2.0.2 6.00 55.00 61.00 OK

Check Details

Version: 2.0.2
Check: CRAN incoming feasibility
Result: NOTE Maintainer: ‘Frédéric Santos <frederic.santos@u-bordeaux.fr>’ No Authors@R field in DESCRIPTION. Please add one, modifying Authors@R: person(given = "Frédéric", family = "Santos", role = c("aut", "cre"), email = "frederic.santos@u-bordeaux.fr") as necessary. Flavors: r-devel-linux-x86_64-debian-clang, r-devel-linux-x86_64-debian-gcc