Last updated on 2025-04-29 04:50:07 CEST.
Flavor | Version | Tinstall | Tcheck | Ttotal | Status | Flags |
---|---|---|---|---|---|---|
r-devel-linux-x86_64-debian-clang | 0.3.0 | 9.00 | 84.51 | 93.51 | OK | |
r-devel-linux-x86_64-debian-gcc | 0.3.0 | 6.65 | 62.66 | 69.31 | NOTE | |
r-devel-linux-x86_64-fedora-clang | 0.3.0 | 147.78 | OK | |||
r-devel-linux-x86_64-fedora-gcc | 0.3.0 | 136.29 | OK | |||
r-devel-windows-x86_64 | 0.3.0 | 11.00 | 98.00 | 109.00 | OK | |
r-patched-linux-x86_64 | 0.3.0 | 8.08 | 81.68 | 89.76 | OK | |
r-release-linux-x86_64 | 0.3.0 | 8.07 | 82.12 | 90.19 | OK | |
r-release-macos-arm64 | 0.3.0 | 65.00 | OK | |||
r-release-macos-x86_64 | 0.3.0 | 97.00 | OK | |||
r-release-windows-x86_64 | 0.3.0 | 10.00 | 103.00 | 113.00 | OK | |
r-oldrel-macos-arm64 | 0.3.0 | 58.00 | OK | |||
r-oldrel-macos-x86_64 | 0.3.0 | 92.00 | OK | |||
r-oldrel-windows-x86_64 | 0.3.0 | 13.00 | 120.00 | 133.00 | OK |
Version: 0.3.0
Check: CRAN incoming feasibility
Result: NOTE
Maintainer: ‘Zihuai He <zihuai@stanford.edu>’
No Authors@R field in DESCRIPTION.
Please add one, modifying
Authors@R: person(given = "Zihuai",
family = "He",
role = c("aut", "cre"),
email = "zihuai@stanford.edu")
as necessary.
Flavor: r-devel-linux-x86_64-debian-gcc
Version: 0.3.0
Check: examples
Result: NOTE
Examples with CPU (user + system) or elapsed time > 5s
user system elapsed
KS.chr 6.769 0.037 7.438
KS.summary 6.567 0.019 6.979
Flavor: r-devel-linux-x86_64-debian-gcc