Last updated on 2025-04-30 04:50:09 CEST.
Flavor | Version | Tinstall | Tcheck | Ttotal | Status | Flags |
---|---|---|---|---|---|---|
r-devel-linux-x86_64-debian-clang | 2.2 | 14.82 | 98.43 | 113.25 | NOTE | |
r-devel-linux-x86_64-debian-gcc | 2.2 | 10.00 | 67.22 | 77.22 | NOTE | |
r-devel-linux-x86_64-fedora-clang | 2.2 | 189.22 | NOTE | |||
r-devel-linux-x86_64-fedora-gcc | 2.2 | 167.33 | NOTE | |||
r-devel-windows-x86_64 | 2.2 | 15.00 | 100.00 | 115.00 | NOTE | |
r-patched-linux-x86_64 | 2.2 | 12.93 | 92.74 | 105.67 | NOTE | |
r-release-linux-x86_64 | 2.2 | 12.65 | 92.10 | 104.75 | NOTE | |
r-release-macos-arm64 | 2.2 | 51.00 | NOTE | |||
r-release-macos-x86_64 | 2.2 | 90.00 | NOTE | |||
r-release-windows-x86_64 | 2.2 | 15.00 | 101.00 | 116.00 | NOTE | |
r-oldrel-macos-arm64 | 2.2 | 45.00 | NOTE | |||
r-oldrel-macos-x86_64 | 2.2 | 102.00 | NOTE | |||
r-oldrel-windows-x86_64 | 2.2 | 19.00 | 128.00 | 147.00 | NOTE |
Version: 2.2
Check: CRAN incoming feasibility
Result: NOTE
Maintainer: ‘Castor Guisande Gonzalez <castor@uvigo.es>’
No Authors@R field in DESCRIPTION.
Please add one, modifying
Authors@R: c(person(given = c("Castor", "Guisande"),
family = "Gonzalez",
role = c("aut", "cre"),
email = "castor@uvigo.es"),
person(given = c("Jorge", "M."),
family = "Lobo",
role = "aut"))
as necessary.
Flavors: r-devel-linux-x86_64-debian-clang, r-devel-linux-x86_64-debian-gcc
Version: 2.2
Check: Rd files
Result: NOTE
checkRd: (-1) MapPolygon.Rd:20: Lost braces
20 | \item{shape}{If the estimators in the function link[KnowBR]{KnowBPolygon} were calculated using an external shape file, it is necessary to indicate the file in this argument. It is not necessary to select any polygon within the file, just to load the whole shape file.}
| ^
checkRd: (-1) SurveyQ.Rd:26: Lost braces
26 | \item{shape}{If the estimators in the function link[KnowBR]{KnowBPolygon} were calculated using an external shape file, it is necessary to indicate the file in this argument. It is not necessary to select any polygon within the file, just to load the whole shape file.}
| ^
Flavors: r-devel-linux-x86_64-debian-clang, r-devel-linux-x86_64-debian-gcc, r-devel-linux-x86_64-fedora-clang, r-devel-linux-x86_64-fedora-gcc, r-devel-windows-x86_64, r-patched-linux-x86_64, r-release-linux-x86_64, r-release-macos-arm64, r-release-macos-x86_64, r-release-windows-x86_64, r-oldrel-macos-arm64, r-oldrel-macos-x86_64, r-oldrel-windows-x86_64