CRAN Package Check Results for Package KoulMde

Last updated on 2025-04-30 04:50:09 CEST.

Flavor Version Tinstall Tcheck Ttotal Status Flags
r-devel-linux-x86_64-debian-clang 3.2.1 34.91 54.14 89.05 NOTE
r-devel-linux-x86_64-debian-gcc 3.2.1 24.11 40.85 64.96 NOTE
r-devel-linux-x86_64-fedora-clang 3.2.1 160.89 NOTE
r-devel-linux-x86_64-fedora-gcc 3.2.1 148.78 NOTE
r-devel-windows-x86_64 3.2.1 41.00 95.00 136.00 NOTE
r-patched-linux-x86_64 3.2.1 34.67 51.73 86.40 NOTE
r-release-linux-x86_64 3.2.1 36.81 51.64 88.45 NOTE
r-release-macos-arm64 3.2.1 42.00 NOTE
r-release-macos-x86_64 3.2.1 66.00 NOTE
r-release-windows-x86_64 3.2.1 41.00 89.00 130.00 NOTE
r-oldrel-macos-arm64 3.2.1 41.00 NOTE
r-oldrel-macos-x86_64 3.2.1 63.00 NOTE
r-oldrel-windows-x86_64 3.2.1 48.00 106.00 154.00 NOTE

Check Details

Version: 3.2.1
Check: CRAN incoming feasibility
Result: NOTE Maintainer: ‘Jiwoong Kim <jwboys26@gmail.com>’ No Authors@R field in DESCRIPTION. Please add one, modifying Authors@R: person(given = "Jiwoong", family = "Kim", role = c("aut", "cre"), email = "jwboys26atgmail.com") as necessary. Flavors: r-devel-linux-x86_64-debian-clang, r-devel-linux-x86_64-debian-gcc

Version: 3.2.1
Check: C++ specification
Result: NOTE Specified C++11: please drop specification unless essential Flavors: r-devel-linux-x86_64-debian-clang, r-devel-linux-x86_64-debian-gcc, r-devel-linux-x86_64-fedora-clang, r-devel-linux-x86_64-fedora-gcc, r-devel-windows-x86_64, r-patched-linux-x86_64, r-release-linux-x86_64, r-release-macos-arm64, r-release-macos-x86_64, r-release-windows-x86_64, r-oldrel-macos-arm64, r-oldrel-macos-x86_64, r-oldrel-windows-x86_64

Version: 3.2.1
Check: LazyData
Result: NOTE 'LazyData' is specified without a 'data' directory Flavors: r-oldrel-macos-arm64, r-oldrel-macos-x86_64, r-oldrel-windows-x86_64