Last updated on 2025-04-30 04:50:09 CEST.
Flavor | Version | Tinstall | Tcheck | Ttotal | Status | Flags |
---|---|---|---|---|---|---|
r-devel-linux-x86_64-debian-clang | 1.0.0 | 5.59 | 68.52 | 74.11 | NOTE | |
r-devel-linux-x86_64-debian-gcc | 1.0.0 | 3.95 | 45.21 | 49.16 | OK | |
r-devel-linux-x86_64-fedora-clang | 1.0.0 | 110.58 | OK | |||
r-devel-linux-x86_64-fedora-gcc | 1.0.0 | 117.42 | OK | |||
r-devel-windows-x86_64 | 1.0.0 | 7.00 | 86.00 | 93.00 | OK | |
r-patched-linux-x86_64 | 1.0.0 | 5.45 | 64.94 | 70.39 | OK | |
r-release-linux-x86_64 | 1.0.0 | 5.25 | 65.42 | 70.67 | OK | |
r-release-macos-arm64 | 1.0.0 | 94.00 | OK | |||
r-release-macos-x86_64 | 1.0.0 | 119.00 | OK | |||
r-release-windows-x86_64 | 1.0.0 | 7.00 | 84.00 | 91.00 | OK | |
r-oldrel-macos-arm64 | 1.0.0 | 83.00 | OK | |||
r-oldrel-macos-x86_64 | 1.0.0 | 126.00 | OK | |||
r-oldrel-windows-x86_64 | 1.0.0 | 10.00 | 103.00 | 113.00 | OK |
Version: 1.0.0
Check: examples
Result: NOTE
Examples with CPU (user + system) or elapsed time > 5s
user system elapsed
getPairs 4.083 0.168 5.83
Flavor: r-devel-linux-x86_64-debian-clang