Last updated on 2025-04-30 04:50:09 CEST.
Flavor | Version | Tinstall | Tcheck | Ttotal | Status | Flags |
---|---|---|---|---|---|---|
r-devel-linux-x86_64-debian-clang | 2.0 | 8.14 | 127.21 | 135.35 | NOTE | |
r-devel-linux-x86_64-debian-gcc | 2.0 | 6.59 | 89.03 | 95.62 | NOTE | |
r-devel-linux-x86_64-fedora-clang | 2.0 | 211.31 | NOTE | |||
r-devel-linux-x86_64-fedora-gcc | 2.0 | 216.03 | NOTE | |||
r-devel-windows-x86_64 | 2.0 | 10.00 | 188.00 | 198.00 | OK | |
r-patched-linux-x86_64 | 2.0 | 10.01 | 120.78 | 130.79 | OK | |
r-release-linux-x86_64 | 2.0 | 9.46 | 122.46 | 131.92 | OK | |
r-release-macos-arm64 | 2.0 | 84.00 | OK | |||
r-release-macos-x86_64 | 2.0 | 143.00 | OK | |||
r-release-windows-x86_64 | 2.0 | 10.00 | 184.00 | 194.00 | OK | |
r-oldrel-macos-arm64 | 2.0 | 69.00 | OK | |||
r-oldrel-macos-x86_64 | 2.0 | 103.00 | OK | |||
r-oldrel-windows-x86_64 | 2.0 | 11.00 | 206.00 | 217.00 | OK |
Version: 2.0
Check: CRAN incoming feasibility
Result: NOTE
Maintainer: ‘Jocelyn Chi <jocetchi@gmail.com>’
Package CITATION file contains call(s) to old-style citEntry(). Please
use bibentry() instead.
Flavors: r-devel-linux-x86_64-debian-clang, r-devel-linux-x86_64-debian-gcc
Version: 2.0
Check: dependencies in R code
Result: NOTE
Namespace in Imports field not imported from: ‘robustbase’
All declared Imports should be used.
Flavors: r-devel-linux-x86_64-fedora-clang, r-devel-linux-x86_64-fedora-gcc