Last updated on 2025-04-30 04:50:09 CEST.
Flavor | Version | Tinstall | Tcheck | Ttotal | Status | Flags |
---|---|---|---|---|---|---|
r-devel-linux-x86_64-debian-clang | 0.3.0 | 26.34 | 208.38 | 234.72 | NOTE | |
r-devel-linux-x86_64-debian-gcc | 0.3.0 | 14.64 | 127.61 | 142.25 | NOTE | |
r-devel-linux-x86_64-fedora-clang | 0.3.0 | 363.24 | NOTE | |||
r-devel-linux-x86_64-fedora-gcc | 0.3.0 | 336.66 | NOTE | |||
r-devel-windows-x86_64 | 0.3.0 | 21.00 | 154.00 | 175.00 | NOTE | |
r-patched-linux-x86_64 | 0.3.0 | 22.55 | 190.02 | 212.57 | NOTE | |
r-release-linux-x86_64 | 0.3.0 | 19.83 | 189.52 | 209.35 | NOTE | |
r-release-macos-arm64 | 0.3.0 | 83.00 | NOTE | |||
r-release-macos-x86_64 | 0.3.0 | 177.00 | NOTE | |||
r-release-windows-x86_64 | 0.3.0 | 22.00 | 151.00 | 173.00 | NOTE | |
r-oldrel-macos-arm64 | 0.3.0 | 77.00 | OK | |||
r-oldrel-macos-x86_64 | 0.3.0 | 149.00 | OK | |||
r-oldrel-windows-x86_64 | 0.3.0 | 27.00 | 217.00 | 244.00 | OK |
Version: 0.3.0
Check: DESCRIPTION meta-information
Result: NOTE
Missing dependency on R >= 4.1.0 because package code uses the pipe
|> or function shorthand \(...) syntax added in R 4.1.0.
File(s) using such syntax:
‘NDVI2LAI.R’
Flavors: r-devel-linux-x86_64-debian-clang, r-devel-linux-x86_64-debian-gcc, r-devel-linux-x86_64-fedora-clang, r-devel-linux-x86_64-fedora-gcc, r-devel-windows-x86_64, r-patched-linux-x86_64, r-release-linux-x86_64, r-release-macos-arm64, r-release-macos-x86_64, r-release-windows-x86_64
Version: 0.3.0
Check: examples
Result: NOTE
Examples with CPU (user + system) or elapsed time > 5s
user system elapsed
NDVI2LAI 6.402 0.078 8.328
Flavor: r-devel-linux-x86_64-debian-clang
Version: 0.3.0
Check: examples
Result: NOTE
Examples with CPU (user + system) or elapsed time > 5s
user system elapsed
NDVI2LAI 4.195 0.224 5.814
Flavor: r-devel-linux-x86_64-debian-gcc