CRAN Package Check Results for Package LCAvarsel

Last updated on 2025-04-30 04:50:09 CEST.

Flavor Version Tinstall Tcheck Ttotal Status Flags
r-devel-linux-x86_64-debian-clang 1.1 3.16 31.83 34.99 NOTE
r-devel-linux-x86_64-debian-gcc 1.1 2.32 23.08 25.40 NOTE
r-devel-linux-x86_64-fedora-clang 1.1 54.29 NOTE
r-devel-linux-x86_64-fedora-gcc 1.1 53.45 NOTE
r-devel-windows-x86_64 1.1 4.00 57.00 61.00 NOTE
r-patched-linux-x86_64 1.1 3.21 30.47 33.68 NOTE
r-release-linux-x86_64 1.1 2.69 30.32 33.01 NOTE
r-release-macos-arm64 1.1 25.00 OK
r-release-macos-x86_64 1.1 55.00 OK
r-release-windows-x86_64 1.1 4.00 57.00 61.00 NOTE
r-oldrel-macos-arm64 1.1 21.00 NOTE
r-oldrel-macos-x86_64 1.1 31.00 NOTE
r-oldrel-windows-x86_64 1.1 5.00 63.00 68.00 NOTE

Check Details

Version: 1.1
Check: CRAN incoming feasibility
Result: NOTE Maintainer: ‘Michael Fop <michael.fop@ucd.ie>’ Package CITATION file contains call(s) to old-style personList() or as.personList(). Please use c() on person objects instead. Package CITATION file contains call(s) to old-style citEntry(). Please use bibentry() instead. Flavors: r-devel-linux-x86_64-debian-clang, r-devel-linux-x86_64-debian-gcc

Version: 1.1
Check: Rd cross-references
Result: NOTE Found the following Rd file(s) with Rd \link{} targets missing package anchors: fitLCA.Rd: poLCA Please provide package anchors for all Rd \link{} targets not in the package itself and the base packages. Flavors: r-devel-linux-x86_64-debian-clang, r-devel-linux-x86_64-debian-gcc, r-devel-windows-x86_64, r-patched-linux-x86_64, r-release-linux-x86_64, r-release-windows-x86_64

Version: 1.1
Check: examples
Result: NOTE Examples with CPU (user + system) or elapsed time > 5s user system elapsed fitLCA 5.395 0.107 7.438 Flavor: r-devel-linux-x86_64-debian-clang

Version: 1.1
Check: dependencies in R code
Result: NOTE Namespace in Imports field not imported from: ‘doParallel’ All declared Imports should be used. Flavors: r-devel-linux-x86_64-fedora-clang, r-devel-linux-x86_64-fedora-gcc

Version: 1.1
Check: LazyData
Result: NOTE 'LazyData' is specified without a 'data' directory Flavors: r-oldrel-macos-arm64, r-oldrel-macos-x86_64, r-oldrel-windows-x86_64