Last updated on 2025-04-30 04:50:09 CEST.
Flavor | Version | Tinstall | Tcheck | Ttotal | Status | Flags |
---|---|---|---|---|---|---|
r-devel-linux-x86_64-debian-clang | 0.2.0 | 2.48 | 36.38 | 38.86 | NOTE | |
r-devel-linux-x86_64-debian-gcc | 0.2.0 | 1.93 | 27.80 | 29.73 | OK | |
r-devel-linux-x86_64-fedora-clang | 0.2.0 | 59.36 | OK | |||
r-devel-linux-x86_64-fedora-gcc | 0.2.0 | 69.88 | OK | |||
r-devel-windows-x86_64 | 0.2.0 | 4.00 | 55.00 | 59.00 | OK | |
r-patched-linux-x86_64 | 0.2.0 | 2.69 | 32.82 | 35.51 | OK | |
r-release-linux-x86_64 | 0.2.0 | 2.60 | 32.99 | 35.59 | OK | |
r-release-macos-arm64 | 0.2.0 | 42.00 | OK | |||
r-release-macos-x86_64 | 0.2.0 | 51.00 | OK | |||
r-release-windows-x86_64 | 0.2.0 | 4.00 | 54.00 | 58.00 | OK | |
r-oldrel-macos-arm64 | 0.2.0 | 31.00 | OK | |||
r-oldrel-macos-x86_64 | 0.2.0 | 48.00 | OK | |||
r-oldrel-windows-x86_64 | 0.2.0 | 5.00 | 60.00 | 65.00 | OK |
Version: 0.2.0
Check: examples
Result: NOTE
Examples with CPU (user + system) or elapsed time > 5s
user system elapsed
Treee 4.321 0.09 5.383
Flavor: r-devel-linux-x86_64-debian-clang