Last updated on 2025-04-30 04:50:09 CEST.
Flavor | Version | Tinstall | Tcheck | Ttotal | Status | Flags |
---|---|---|---|---|---|---|
r-devel-linux-x86_64-debian-clang | 6.0.1 | 24.67 | 194.06 | 218.73 | NOTE | |
r-devel-linux-x86_64-debian-gcc | 6.0.1 | 16.89 | 129.74 | 146.63 | OK | |
r-devel-linux-x86_64-fedora-clang | 6.0.1 | 368.16 | OK | |||
r-devel-linux-x86_64-fedora-gcc | 6.0.1 | 335.14 | OK | |||
r-devel-windows-x86_64 | 6.0.1 | 25.00 | 184.00 | 209.00 | OK | |
r-patched-linux-x86_64 | 6.0.1 | 25.56 | 183.30 | 208.86 | OK | |
r-release-linux-x86_64 | 6.0.1 | 21.05 | 181.96 | 203.01 | OK | |
r-release-macos-arm64 | 6.0.1 | 90.00 | OK | |||
r-release-macos-x86_64 | 6.0.1 | 250.00 | OK | |||
r-release-windows-x86_64 | 6.0.1 | 26.00 | 186.00 | 212.00 | OK | |
r-oldrel-macos-arm64 | 6.0.1 | 95.00 | OK | |||
r-oldrel-macos-x86_64 | 6.0.1 | 188.00 | OK | |||
r-oldrel-windows-x86_64 | 6.0.1 | 34.00 | 237.00 | 271.00 | OK |
Version: 6.0.1
Check: examples
Result: NOTE
Examples with CPU (user + system) or elapsed time > 5s
user system elapsed
unifrac.mean 3.875 0.187 5.772
Flavor: r-devel-linux-x86_64-debian-clang