Last updated on 2025-04-30 04:50:09 CEST.
Flavor | Version | Tinstall | Tcheck | Ttotal | Status | Flags |
---|---|---|---|---|---|---|
r-devel-linux-x86_64-debian-clang | 1.3.3 | 2.06 | 26.02 | 28.08 | NOTE | |
r-devel-linux-x86_64-debian-gcc | 1.3.3 | 1.50 | 21.59 | 23.09 | NOTE | |
r-devel-linux-x86_64-fedora-clang | 1.3.3 | 43.23 | OK | |||
r-devel-linux-x86_64-fedora-gcc | 1.3.3 | 43.59 | OK | |||
r-devel-windows-x86_64 | 1.3.3 | 3.00 | 49.00 | 52.00 | OK | |
r-patched-linux-x86_64 | 1.3.3 | 2.15 | 25.71 | 27.86 | OK | |
r-release-linux-x86_64 | 1.3.3 | 1.96 | 25.62 | 27.58 | OK | |
r-release-macos-arm64 | 1.3.3 | 18.00 | OK | |||
r-release-macos-x86_64 | 1.3.3 | 31.00 | OK | |||
r-release-windows-x86_64 | 1.3.3 | 4.00 | 49.00 | 53.00 | OK | |
r-oldrel-macos-arm64 | 1.3.3 | 17.00 | OK | |||
r-oldrel-macos-x86_64 | 1.3.3 | 31.00 | OK | |||
r-oldrel-windows-x86_64 | 1.3.3 | 3.00 | 52.00 | 55.00 | OK |
Version: 1.3.3
Check: CRAN incoming feasibility
Result: NOTE
Maintainer: ‘Aurélie Siberchicot <aurelie.siberchicot@univ-lyon1.fr>’
No Authors@R field in DESCRIPTION.
Please add one, modifying
Authors@R: c(person(given = "David",
family = "Desrousseaux",
role = "aut"),
person(given = "Florian",
family = "Sandron",
role = "aut"),
person(given = "Aurélie",
family = "Siberchicot",
role = c("aut", "cre"),
email = "aurelie.siberchicot@univ-lyon1.fr"),
person(given = "Christine",
family = "Cierco-Ayrolles",
role = "aut"),
person(given = "Brigitte",
family = "Mangin",
role = "aut"))
as necessary.
Flavors: r-devel-linux-x86_64-debian-clang, r-devel-linux-x86_64-debian-gcc